Last updated on 2025-11-16 01:49:19 CET.
| Flavor | Version | Tinstall | Tcheck | Ttotal | Status | Flags |
|---|---|---|---|---|---|---|
| r-devel-linux-x86_64-debian-clang | 1.0.0 | 4.79 | 252.86 | 257.65 | NOTE | |
| r-devel-linux-x86_64-debian-gcc | 1.0.0 | 4.19 | 188.85 | 193.04 | NOTE | |
| r-devel-linux-x86_64-fedora-clang | 1.0.0 | 27.00 | 390.64 | 417.64 | OK | |
| r-devel-linux-x86_64-fedora-gcc | 1.0.0 | 21.00 | 444.76 | 465.76 | OK | |
| r-devel-windows-x86_64 | 1.0.0 | 9.00 | 334.00 | 343.00 | OK | |
| r-patched-linux-x86_64 | 1.0.0 | 4.44 | 266.34 | 270.78 | OK | |
| r-release-linux-x86_64 | 1.0.0 | 4.87 | 266.86 | 271.73 | OK | |
| r-release-macos-arm64 | 1.0.0 | 3.00 | 126.00 | 129.00 | OK | |
| r-release-macos-x86_64 | 1.0.0 | 4.00 | 294.00 | 298.00 | OK | |
| r-release-windows-x86_64 | 1.0.0 | 7.00 | 328.00 | 335.00 | OK | |
| r-oldrel-macos-arm64 | 1.0.0 | 3.00 | 122.00 | 125.00 | OK | |
| r-oldrel-macos-x86_64 | 1.0.0 | 4.00 | 204.00 | 208.00 | OK | |
| r-oldrel-windows-x86_64 | 1.0.0 | 10.00 | 476.00 | 486.00 | OK |
Version: 1.0.0
Check: CRAN incoming feasibility
Result: NOTE
Maintainer: ‘Ivailo Partchev <partchev@gmail.com>’
No Authors@R field in DESCRIPTION.
Please add one, modifying
Authors@R: c(person(given = "Zhaojun",
family = "Li",
role = "aut"),
person(given = "Ivailo",
family = "Partchev",
role = c("aut", "cre"),
email = "partchev@gmail.com"),
person(given = "Paul",
family = "De Boeck",
role = "aut"))
as necessary.
Package CITATION file contains call(s) to old-style personList() or
as.personList(). Please use c() on person objects instead.
Package CITATION file contains call(s) to old-style citEntry(). Please
use bibentry() instead.
Flavors: r-devel-linux-x86_64-debian-clang, r-devel-linux-x86_64-debian-gcc