Last updated on 2025-02-10 02:49:54 CET.
Flavor | Version | Tinstall | Tcheck | Ttotal | Status | Flags |
---|---|---|---|---|---|---|
r-devel-linux-x86_64-debian-clang | 1.0.1 | 4.30 | 34.19 | 38.49 | OK | |
r-devel-linux-x86_64-debian-gcc | 1.0.1 | 2.53 | 67.37 | 69.90 | OK | |
r-devel-linux-x86_64-fedora-clang | 1.0.1 | 155.46 | OK | |||
r-devel-linux-x86_64-fedora-gcc | 1.0.1 | 161.44 | OK | |||
r-devel-windows-x86_64 | 1.0.1 | 9.00 | 102.00 | 111.00 | OK | |
r-patched-linux-x86_64 | 1.0.1 | 3.99 | 80.65 | 84.64 | OK | |
r-release-linux-x86_64 | 1.0.1 | 3.80 | 72.09 | 75.89 | OK | |
r-release-macos-arm64 | 1.0.1 | 54.00 | OK | |||
r-release-macos-x86_64 | 1.0.1 | 82.00 | OK | |||
r-release-windows-x86_64 | 1.0.1 | 11.00 | 103.00 | 114.00 | OK | |
r-oldrel-macos-arm64 | 1.0.1 | 32.00 | NOTE | |||
r-oldrel-macos-x86_64 | 1.0.1 | 42.00 | NOTE | |||
r-oldrel-windows-x86_64 | 1.0.1 | 9.00 | 135.00 | 144.00 | OK |
Version: 1.0.1
Check: package dependencies
Result: NOTE
Package suggested but not available for checking: ‘xcms’
Flavors: r-oldrel-macos-arm64, r-oldrel-macos-x86_64