Last updated on 2025-05-06 02:50:22 CEST.
Flavor | Version | Tinstall | Tcheck | Ttotal | Status | Flags |
---|---|---|---|---|---|---|
r-devel-linux-x86_64-debian-clang | 0.1.2 | 35.05 | 27.64 | 62.69 | NOTE | |
r-devel-linux-x86_64-debian-gcc | 0.1.2 | 25.93 | 22.05 | 47.98 | NOTE | |
r-devel-linux-x86_64-fedora-clang | 0.1.2 | 138.00 | NOTE | |||
r-devel-linux-x86_64-fedora-gcc | 0.1.2 | 124.04 | NOTE | |||
r-devel-windows-x86_64 | 0.1.2 | 42.00 | 61.00 | 103.00 | NOTE | |
r-patched-linux-x86_64 | 0.1.2 | 34.52 | 25.79 | 60.31 | NOTE | |
r-release-linux-x86_64 | 0.1.2 | 34.45 | 25.72 | 60.17 | NOTE | |
r-release-macos-arm64 | 0.1.2 | 32.00 | NOTE | |||
r-release-macos-x86_64 | 0.1.2 | 64.00 | NOTE | |||
r-release-windows-x86_64 | 0.1.2 | 45.00 | 66.00 | 111.00 | NOTE | |
r-oldrel-macos-arm64 | 0.1.2 | 39.00 | OK | |||
r-oldrel-macos-x86_64 | 0.1.2 | 58.00 | OK | |||
r-oldrel-windows-x86_64 | 0.1.2 | 40.00 | 83.00 | 123.00 | OK |
Version: 0.1.2
Check: DESCRIPTION meta-information
Result: NOTE
Missing dependency on R >= 4.1.0 because package code uses the pipe
|> or function shorthand \(...) syntax added in R 4.1.0.
File(s) using such syntax:
‘iso8601todataframe.R’
Flavors: r-devel-linux-x86_64-debian-clang, r-devel-linux-x86_64-debian-gcc, r-devel-linux-x86_64-fedora-clang, r-devel-linux-x86_64-fedora-gcc, r-devel-windows-x86_64, r-patched-linux-x86_64, r-release-linux-x86_64, r-release-macos-arm64, r-release-macos-x86_64, r-release-windows-x86_64