Last updated on 2025-04-30 01:50:24 CEST.
Flavor | Version | Tinstall | Tcheck | Ttotal | Status | Flags |
---|---|---|---|---|---|---|
r-devel-linux-x86_64-debian-clang | 0.2.6 | 698.62 | 264.02 | 962.64 | NOTE | |
r-devel-linux-x86_64-debian-gcc | 0.2.6 | 499.81 | 172.94 | 672.75 | NOTE | |
r-devel-linux-x86_64-fedora-clang | 0.2.6 | 2019.28 | NOTE | |||
r-devel-linux-x86_64-fedora-gcc | 0.2.6 | 1805.30 | NOTE | |||
r-devel-windows-x86_64 | 0.2.6 | 763.00 | 410.00 | 1173.00 | NOTE | |
r-patched-linux-x86_64 | 0.2.6 | 691.86 | 250.52 | 942.38 | NOTE | |
r-release-linux-x86_64 | 0.2.6 | 690.83 | 250.34 | 941.17 | NOTE | |
r-release-macos-arm64 | 0.2.6 | 396.00 | NOTE | |||
r-release-macos-x86_64 | 0.2.6 | 492.00 | NOTE | |||
r-release-windows-x86_64 | 0.2.6 | 768.00 | 397.00 | 1165.00 | NOTE | |
r-oldrel-macos-arm64 | 0.2.6 | 377.00 | NOTE | |||
r-oldrel-macos-x86_64 | 0.2.6 | 417.00 | NOTE | |||
r-oldrel-windows-x86_64 | 0.2.6 | 852.00 | 483.00 | 1335.00 | NOTE |
Version: 0.2.6
Check: Rd files
Result: NOTE
checkRd: (-1) jSDM_binomial_probit_long_format.Rd:45: Lost braces
45 | \code{species} \tab numeric or character eqn{n_{obs}}{n_obs}-length vector indicating the species observed, \cr
| ^
checkRd: (-1) jSDM_binomial_probit_long_format.Rd:45: Lost braces; missing escapes or markup?
45 | \code{species} \tab numeric or character eqn{n_{obs}}{n_obs}-length vector indicating the species observed, \cr
| ^
checkRd: (-1) jSDM_binomial_probit_long_format.Rd:45: Lost braces
45 | \code{species} \tab numeric or character eqn{n_{obs}}{n_obs}-length vector indicating the species observed, \cr
| ^
Flavors: r-devel-linux-x86_64-debian-clang, r-devel-linux-x86_64-debian-gcc, r-devel-linux-x86_64-fedora-clang, r-devel-linux-x86_64-fedora-gcc, r-devel-windows-x86_64, r-patched-linux-x86_64, r-release-linux-x86_64, r-release-macos-arm64, r-release-macos-x86_64, r-release-windows-x86_64, r-oldrel-macos-arm64, r-oldrel-macos-x86_64, r-oldrel-windows-x86_64
Version: 0.2.6
Check: examples
Result: NOTE
Examples with CPU (user + system) or elapsed time > 5s
user system elapsed
jSDM_binomial_probit_long_format 4.696 0.089 5.736
jSDM_binomial_probit_sp_constrained 3.189 0.080 6.288
Flavor: r-devel-linux-x86_64-debian-clang
Version: 0.2.6
Check: installed package size
Result: NOTE
installed size is 34.2Mb
sub-directories of 1Mb or more:
libs 32.8Mb
Flavors: r-oldrel-macos-arm64, r-oldrel-macos-x86_64