Last updated on 2025-05-12 02:50:01 CEST.
Flavor | Version | Tinstall | Tcheck | Ttotal | Status | Flags |
---|---|---|---|---|---|---|
r-devel-linux-x86_64-debian-clang | 1.0.1 | 37.48 | 334.69 | 372.17 | NOTE | |
r-devel-linux-x86_64-debian-gcc | 1.0.1 | 23.41 | 233.62 | 257.03 | NOTE | |
r-devel-linux-x86_64-fedora-clang | 1.0.1 | 639.82 | NOTE | |||
r-devel-linux-x86_64-fedora-gcc | 1.0.1 | 604.10 | NOTE | |||
r-devel-windows-x86_64 | 1.0.1 | 33.00 | 293.00 | 326.00 | NOTE | |
r-patched-linux-x86_64 | 1.0.1 | 33.31 | 309.77 | 343.08 | NOTE | |
r-release-linux-x86_64 | 1.0.1 | 35.49 | 310.64 | 346.13 | NOTE | |
r-release-macos-arm64 | 1.0.1 | 141.00 | NOTE | |||
r-release-macos-x86_64 | 1.0.1 | 316.00 | NOTE | |||
r-release-windows-x86_64 | 1.0.1 | 37.00 | 301.00 | 338.00 | NOTE | |
r-oldrel-macos-arm64 | 1.0.1 | 146.00 | OK | |||
r-oldrel-macos-x86_64 | 1.0.1 | 245.00 | OK | |||
r-oldrel-windows-x86_64 | 1.0.1 | 49.00 | 377.00 | 426.00 | OK |
Version: 1.0.1
Check: DESCRIPTION meta-information
Result: NOTE
Missing dependency on R >= 4.1.0 because package code uses the pipe
|> or function shorthand \(...) syntax added in R 4.1.0.
File(s) using such syntax:
‘GaussianMixtureCalls.R’
Flavors: r-devel-linux-x86_64-debian-clang, r-devel-linux-x86_64-debian-gcc, r-devel-linux-x86_64-fedora-clang, r-devel-linux-x86_64-fedora-gcc, r-devel-windows-x86_64, r-patched-linux-x86_64, r-release-linux-x86_64, r-release-macos-arm64, r-release-macos-x86_64, r-release-windows-x86_64