Last updated on 2025-04-30 01:50:24 CEST.
Flavor | Version | Tinstall | Tcheck | Ttotal | Status | Flags |
---|---|---|---|---|---|---|
r-devel-linux-x86_64-debian-clang | 0.5.3 | 138.95 | 189.94 | 328.89 | OK | |
r-devel-linux-x86_64-debian-gcc | 0.5.3 | 106.45 | 129.04 | 235.49 | OK | |
r-devel-linux-x86_64-fedora-clang | 0.5.3 | 601.90 | OK | |||
r-devel-linux-x86_64-fedora-gcc | 0.5.3 | 599.58 | OK | |||
r-devel-windows-x86_64 | 0.5.3 | 170.00 | 215.00 | 385.00 | OK | |
r-patched-linux-x86_64 | 0.5.3 | 147.50 | 182.04 | 329.54 | OK | |
r-release-linux-x86_64 | 0.5.3 | 140.97 | 182.91 | 323.88 | OK | |
r-release-macos-arm64 | 0.5.3 | 131.00 | OK | |||
r-release-macos-x86_64 | 0.5.3 | 180.00 | OK | |||
r-release-windows-x86_64 | 0.5.3 | 173.00 | 216.00 | 389.00 | OK | |
r-oldrel-macos-arm64 | 0.5.3 | 137.00 | NOTE | |||
r-oldrel-macos-x86_64 | 0.5.3 | 187.00 | NOTE | |||
r-oldrel-windows-x86_64 | 0.5.3 | 186.00 | 272.00 | 458.00 | OK |
Version: 0.5.3
Check: installed package size
Result: NOTE
installed size is 11.9Mb
sub-directories of 1Mb or more:
libs 11.4Mb
Flavors: r-oldrel-macos-arm64, r-oldrel-macos-x86_64