Last updated on 2024-05-21 02:02:06 CEST.
Flavor | Version | Tinstall | Tcheck | Ttotal | Status | Flags |
---|---|---|---|---|---|---|
r-devel-linux-x86_64-debian-clang | 0.2.0 | 2.41 | 31.73 | 34.14 | NOTE | |
r-devel-linux-x86_64-debian-gcc | 0.2.0 | 1.78 | 24.55 | 26.33 | NOTE | |
r-devel-linux-x86_64-fedora-clang | 0.2.0 | 41.61 | NOTE | |||
r-devel-linux-x86_64-fedora-gcc | 0.2.0 | 41.49 | NOTE | |||
r-devel-windows-x86_64 | 0.2.0 | 4.00 | 125.00 | 129.00 | NOTE | |
r-patched-linux-x86_64 | 0.2.0 | 1.89 | 29.96 | 31.85 | NOTE | |
r-release-linux-x86_64 | 0.2.0 | 2.60 | 30.81 | 33.41 | NOTE | |
r-release-macos-arm64 | 0.2.0 | 114.00 | NOTE | |||
r-release-windows-x86_64 | 0.2.0 | 3.00 | 128.00 | 131.00 | NOTE | |
r-oldrel-macos-arm64 | 0.2.0 | 137.00 | NOTE | |||
r-oldrel-macos-x86_64 | 0.2.0 | 132.00 | NOTE | |||
r-oldrel-windows-x86_64 | 0.2.0 | 4.00 | 130.00 | 134.00 | NOTE |
Version: 0.2.0
Check: LazyData
Result: NOTE
'LazyData' is specified without a 'data' directory
Flavors: r-devel-linux-x86_64-debian-clang, r-devel-linux-x86_64-debian-gcc, r-devel-linux-x86_64-fedora-clang, r-devel-linux-x86_64-fedora-gcc, r-devel-windows-x86_64, r-patched-linux-x86_64, r-release-linux-x86_64, r-release-macos-arm64, r-release-windows-x86_64, r-oldrel-macos-arm64, r-oldrel-macos-x86_64, r-oldrel-windows-x86_64