Last updated on 2025-02-20 01:50:36 CET.
Flavor | Version | Tinstall | Tcheck | Ttotal | Status | Flags |
---|---|---|---|---|---|---|
r-devel-linux-x86_64-debian-clang | 0.4.4 | 4.45 | 39.30 | 43.75 | OK | |
r-devel-linux-x86_64-debian-gcc | 0.4.4 | 2.34 | 28.91 | 31.25 | OK | |
r-devel-linux-x86_64-fedora-clang | 0.4.4 | 64.94 | OK | |||
r-devel-linux-x86_64-fedora-gcc | 0.4.4 | 62.35 | OK | |||
r-devel-macos-arm64 | 0.4.4 | 23.00 | OK | |||
r-devel-macos-x86_64 | 0.4.4 | 40.00 | OK | |||
r-devel-windows-x86_64 | 0.4.4 | 6.00 | 57.00 | 63.00 | OK | |
r-patched-linux-x86_64 | 0.4.4 | 4.15 | 35.70 | 39.85 | NOTE | |
r-release-linux-x86_64 | 0.4.4 | 3.27 | 35.58 | 38.85 | NOTE | |
r-release-macos-arm64 | 0.4.4 | 25.00 | NOTE | |||
r-release-macos-x86_64 | 0.4.4 | 34.00 | NOTE | |||
r-release-windows-x86_64 | 0.4.4 | 7.00 | 55.00 | 62.00 | NOTE | |
r-oldrel-macos-arm64 | 0.4.4 | 24.00 | NOTE | |||
r-oldrel-macos-x86_64 | 0.4.4 | 35.00 | NOTE | |||
r-oldrel-windows-x86_64 | 0.4.4 | 7.00 | 60.00 | 67.00 | NOTE |
Version: 0.4.4
Check: LazyData
Result: NOTE
'LazyData' is specified without a 'data' directory
Flavors: r-patched-linux-x86_64, r-release-linux-x86_64, r-release-macos-arm64, r-release-macos-x86_64, r-release-windows-x86_64, r-oldrel-macos-arm64, r-oldrel-macos-x86_64, r-oldrel-windows-x86_64