Last updated on 2025-02-20 01:50:36 CET.
Flavor | Version | Tinstall | Tcheck | Ttotal | Status | Flags |
---|---|---|---|---|---|---|
r-devel-linux-x86_64-debian-clang | 0.5-4 | 3.06 | 38.22 | 41.28 | OK | |
r-devel-linux-x86_64-debian-gcc | 0.5-4 | 2.05 | 23.82 | 25.87 | WARN | |
r-devel-linux-x86_64-fedora-clang | 0.5-4 | 65.35 | OK | |||
r-devel-linux-x86_64-fedora-gcc | 0.5-4 | 80.79 | OK | |||
r-devel-macos-arm64 | 0.5-4 | 31.00 | OK | |||
r-devel-macos-x86_64 | 0.5-4 | 57.00 | OK | |||
r-devel-windows-x86_64 | 0.5-4 | 4.00 | 86.00 | 90.00 | OK | |
r-patched-linux-x86_64 | 0.5-4 | 3.54 | 36.84 | 40.38 | OK | |
r-release-linux-x86_64 | 0.5-4 | 2.80 | 36.76 | 39.56 | OK | |
r-release-macos-arm64 | 0.5-4 | 30.00 | OK | |||
r-release-macos-x86_64 | 0.5-4 | 45.00 | OK | |||
r-release-windows-x86_64 | 0.5-4 | 4.00 | 80.00 | 84.00 | OK | |
r-oldrel-macos-arm64 | 0.5-4 | 32.00 | OK | |||
r-oldrel-macos-x86_64 | 0.5-4 | 46.00 | OK | |||
r-oldrel-windows-x86_64 | 0.5-4 | 4.00 | 94.00 | 98.00 | OK |
Version: 0.5-4
Check: re-building of vignette outputs
Result: WARN
Error(s) in re-building vignettes:
...
--- re-building ‘kst.Rnw’ using Sweave
Loading required package: proxy
Attaching package: ‘proxy’
The following objects are masked from ‘package:stats’:
as.dist, dist
The following object is masked from ‘package:base’:
as.matrix
Loading required package: relations
Loading required package: sets
Loading required namespace: Rgraphviz
Failed with error: ‘there is no package called ‘Rgraphviz’’
Loading required namespace: Rgraphviz
Failed with error: ‘there is no package called ‘Rgraphviz’’
Loading required namespace: Rgraphviz
Failed with error: ‘there is no package called ‘Rgraphviz’’
Loading required namespace: Rgraphviz
Failed with error: ‘there is no package called ‘Rgraphviz’’
Error: processing vignette 'kst.Rnw' failed with diagnostics:
Running 'texi2dvi' on 'kst.tex' failed.
LaTeX errors:
!pdfTeX error: pdflatex (file /home/hornik/tmp/R.check/r-devel-gcc/Work/PKGS/ks
t.Rcheck/vign_test/kst/vignettes/kst-012.pdf): PDF inclusion: required page doe
s not exist <0>
==> Fatal error occurred, no output PDF file produced!
--- failed re-building ‘kst.Rnw’
SUMMARY: processing the following file failed:
‘kst.Rnw’
Error: Vignette re-building failed.
Execution halted
Flavor: r-devel-linux-x86_64-debian-gcc