Last updated on 2025-02-05 02:48:52 CET.
Flavor | Version | Tinstall | Tcheck | Ttotal | Status | Flags |
---|---|---|---|---|---|---|
r-devel-linux-x86_64-debian-clang | 1.73 | 6.07 | 58.75 | 64.82 | OK | |
r-devel-linux-x86_64-debian-gcc | 1.73 | 3.79 | 42.01 | 45.80 | OK | |
r-devel-linux-x86_64-fedora-clang | 1.73 | 105.56 | NOTE | |||
r-devel-linux-x86_64-fedora-gcc | 1.73 | 113.24 | NOTE | |||
r-devel-windows-x86_64 | 1.73 | 8.00 | 104.00 | 112.00 | OK | |
r-patched-linux-x86_64 | 1.73 | 5.97 | 55.34 | 61.31 | OK | |
r-release-linux-x86_64 | 1.73 | 3.85 | 55.97 | 59.82 | OK | |
r-release-macos-arm64 | 1.73 | 42.00 | OK | |||
r-release-macos-x86_64 | 1.73 | 55.00 | OK | |||
r-release-windows-x86_64 | 1.73 | 8.00 | 108.00 | 116.00 | OK | |
r-oldrel-macos-arm64 | 1.73 | 55.00 | OK | |||
r-oldrel-macos-x86_64 | 1.73 | 130.00 | OK | |||
r-oldrel-windows-x86_64 | 1.73 | 8.00 | 118.00 | 126.00 | OK |
Version: 1.73
Check: dependencies in R code
Result: NOTE
Namespace in Imports field not imported from: ‘RUnit’
All declared Imports should be used.
Flavors: r-devel-linux-x86_64-fedora-clang, r-devel-linux-x86_64-fedora-gcc