Last updated on 2025-10-25 01:51:04 CEST.
| Flavor | Version | Tinstall | Tcheck | Ttotal | Status | Flags |
|---|---|---|---|---|---|---|
| r-devel-linux-x86_64-debian-clang | 1.0.1 | 28.39 | 154.54 | 182.93 | NOTE | |
| r-devel-linux-x86_64-debian-gcc | 1.0.1 | 22.12 | 102.58 | 124.70 | NOTE | |
| r-devel-linux-x86_64-fedora-clang | 1.0.1 | 149.00 | 162.31 | 311.31 | NOTE | |
| r-devel-linux-x86_64-fedora-gcc | 1.0.1 | 91.00 | 199.35 | 290.35 | NOTE | |
| r-devel-windows-x86_64 | 1.0.1 | 61.00 | 187.00 | 248.00 | NOTE | |
| r-patched-linux-x86_64 | 1.0.1 | 27.82 | 146.56 | 174.38 | NOTE | |
| r-release-linux-x86_64 | 1.0.1 | 28.41 | 148.64 | 177.05 | NOTE | |
| r-release-macos-arm64 | 1.0.1 | 35.00 | 83.00 | 118.00 | NOTE | |
| r-release-macos-x86_64 | 1.0.1 | 97.00 | 172.00 | 269.00 | NOTE | |
| r-release-windows-x86_64 | 1.0.1 | 62.00 | 186.00 | 248.00 | NOTE | |
| r-oldrel-macos-arm64 | 1.0.1 | 29.00 | 82.00 | 111.00 | NOTE | |
| r-oldrel-macos-x86_64 | 1.0.1 | 74.00 | 134.00 | 208.00 | NOTE | |
| r-oldrel-windows-x86_64 | 1.0.1 | 71.00 | 233.00 | 304.00 | NOTE |
Version: 1.0.1
Check: Rd files
Result: NOTE
checkRd: (-1) ln_quantile_value.Rd:44: Lost braces in \itemize; \value handles \item{}{} directly
checkRd: (-1) ln_quantile_value.Rd:45: Lost braces in \itemize; \value handles \item{}{} directly
checkRd: (-1) ln_quantile_value.Rd:46: Lost braces in \itemize; \value handles \item{}{} directly
checkRd: (-1) ln_quantile_value.Rd:47: Lost braces in \itemize; \value handles \item{}{} directly
checkRd: (-1) ln_quantile_value.Rd:48: Lost braces in \itemize; \value handles \item{}{} directly
checkRd: (-1) ln_quantile_value.Rd:49: Lost braces in \itemize; \value handles \item{}{} directly
Flavors: r-devel-linux-x86_64-debian-clang, r-devel-linux-x86_64-debian-gcc, r-devel-linux-x86_64-fedora-clang, r-devel-linux-x86_64-fedora-gcc, r-devel-windows-x86_64, r-patched-linux-x86_64, r-release-linux-x86_64, r-release-macos-arm64, r-release-macos-x86_64, r-release-windows-x86_64, r-oldrel-macos-arm64, r-oldrel-macos-x86_64, r-oldrel-windows-x86_64
Version: 1.0.1
Check: installed package size
Result: NOTE
installed size is 5.4Mb
sub-directories of 1Mb or more:
R 5.2Mb
Flavors: r-oldrel-macos-arm64, r-oldrel-macos-x86_64