Last updated on 2025-05-01 01:49:35 CEST.
Flavor | Version | Tinstall | Tcheck | Ttotal | Status | Flags |
---|---|---|---|---|---|---|
r-devel-linux-x86_64-debian-clang | 1.1-7 | 9.45 | 152.14 | 161.59 | NOTE | |
r-devel-linux-x86_64-debian-gcc | 1.1-7 | 6.20 | 116.63 | 122.83 | NOTE | |
r-devel-linux-x86_64-fedora-clang | 1.1-7 | 247.01 | OK | |||
r-devel-linux-x86_64-fedora-gcc | 1.1-7 | 259.43 | OK | |||
r-devel-windows-x86_64 | 1.1-7 | 10.00 | 239.00 | 249.00 | NOTE | |
r-patched-linux-x86_64 | 1.1-7 | 10.43 | 144.04 | 154.47 | NOTE | |
r-release-linux-x86_64 | 1.1-7 | 8.52 | 144.54 | 153.06 | NOTE | |
r-release-macos-arm64 | 1.1-7 | 90.00 | OK | |||
r-release-macos-x86_64 | 1.1-7 | 179.00 | OK | |||
r-release-windows-x86_64 | 1.1-7 | 10.00 | 241.00 | 251.00 | NOTE | |
r-oldrel-macos-arm64 | 1.1-7 | 84.00 | OK | |||
r-oldrel-macos-x86_64 | 1.1-7 | 134.00 | OK | |||
r-oldrel-windows-x86_64 | 1.1-7 | 13.00 | 259.00 | 272.00 | OK |
Version: 1.1-7
Check: CRAN incoming feasibility
Result: NOTE
Maintainer: ‘Kassel Liam Hingee <kassel.hingee@gmail.com>’
No Authors@R field in DESCRIPTION.
Please add one, modifying
Authors@R: person(given = c("Kassel", "Liam"),
family = "Hingee",
role = c("aut", "cre"),
email = "kassel.hingee@gmail.com")
as necessary.
Flavors: r-devel-linux-x86_64-debian-clang, r-devel-linux-x86_64-debian-gcc
Version: 1.1-7
Check: Rd cross-references
Result: NOTE
Found the following Rd file(s) with Rd \link{} targets missing package
anchors:
contagdiscstate.Rd: Hest
Please provide package anchors for all Rd \link{} targets not in the
package itself and the base packages.
Flavors: r-devel-linux-x86_64-debian-clang, r-devel-linux-x86_64-debian-gcc, r-devel-windows-x86_64, r-patched-linux-x86_64, r-release-linux-x86_64, r-release-windows-x86_64