CRAN Package Check Results for Package lavaanExtra

Last updated on 2025-05-01 01:49:35 CEST.

Flavor Version Tinstall Tcheck Ttotal Status Flags
r-devel-linux-x86_64-debian-clang 0.2.1 3.20 76.92 80.12 NOTE
r-devel-linux-x86_64-debian-gcc 0.2.1 2.57 55.01 57.58 OK
r-devel-linux-x86_64-fedora-clang 0.2.1 129.08 OK
r-devel-linux-x86_64-fedora-gcc 0.2.1 139.02 OK
r-devel-windows-x86_64 0.2.1 4.00 90.00 94.00 OK
r-patched-linux-x86_64 0.2.1 3.33 70.34 73.67 OK
r-release-linux-x86_64 0.2.1 3.03 70.43 73.46 OK
r-release-macos-arm64 0.2.1 54.00 OK
r-release-macos-x86_64 0.2.1 88.00 OK
r-release-windows-x86_64 0.2.1 4.00 90.00 94.00 OK
r-oldrel-macos-arm64 0.2.1 50.00 OK
r-oldrel-macos-x86_64 0.2.1 137.00 OK
r-oldrel-windows-x86_64 0.2.1 6.00 112.00 118.00 OK

Check Details

Version: 0.2.1
Check: examples
Result: NOTE Examples with CPU (user + system) or elapsed time > 5s user system elapsed nice_tidySEM 5.024 0.196 5.51 Flavor: r-devel-linux-x86_64-debian-clang