Last updated on 2025-02-20 01:50:36 CET.
Flavor | Version | Tinstall | Tcheck | Ttotal | Status | Flags |
---|---|---|---|---|---|---|
r-devel-linux-x86_64-debian-clang | 0.8.1 | 5.37 | 57.95 | 63.32 | OK | |
r-devel-linux-x86_64-debian-gcc | 0.8.1 | 3.90 | 43.60 | 47.50 | OK | |
r-devel-linux-x86_64-fedora-clang | 0.8.1 | 99.31 | OK | |||
r-devel-linux-x86_64-fedora-gcc | 0.8.1 | 109.32 | OK | |||
r-devel-macos-arm64 | 0.8.1 | 44.00 | OK | |||
r-devel-macos-x86_64 | 0.8.1 | 71.00 | OK | |||
r-devel-windows-x86_64 | 0.8.1 | 8.00 | 79.00 | 87.00 | OK | |
r-patched-linux-x86_64 | 0.8.1 | 5.43 | 54.48 | 59.91 | OK | |
r-release-linux-x86_64 | 0.8.1 | 5.07 | 54.69 | 59.76 | OK | |
r-release-macos-arm64 | 0.8.1 | 43.00 | NOTE | |||
r-release-macos-x86_64 | 0.8.1 | 62.00 | NOTE | |||
r-release-windows-x86_64 | 0.8.1 | 8.00 | 78.00 | 86.00 | NOTE | |
r-oldrel-macos-arm64 | 0.8.1 | 46.00 | NOTE | |||
r-oldrel-macos-x86_64 | 0.8.1 | 81.00 | NOTE | |||
r-oldrel-windows-x86_64 | 0.8.1 | 9.00 | 88.00 | 97.00 | NOTE |
Version: 0.8.1
Check: installed package size
Result: NOTE
installed size is 6.5Mb
sub-directories of 1Mb or more:
doc 6.4Mb
Flavors: r-release-macos-arm64, r-release-macos-x86_64, r-release-windows-x86_64, r-oldrel-macos-arm64, r-oldrel-macos-x86_64, r-oldrel-windows-x86_64