Last updated on 2025-10-31 01:49:01 CET.
| Flavor | Version | Tinstall | Tcheck | Ttotal | Status | Flags | 
|---|---|---|---|---|---|---|
| r-devel-linux-x86_64-debian-clang | 0.1.2 | 2.45 | 27.19 | 29.64 | NOTE | |
| r-devel-linux-x86_64-debian-gcc | 0.1.2 | 1.74 | 20.98 | 22.72 | NOTE | |
| r-devel-linux-x86_64-fedora-clang | 0.1.2 | 44.53 | OK | |||
| r-devel-linux-x86_64-fedora-gcc | 0.1.2 | 40.10 | OK | |||
| r-devel-windows-x86_64 | 0.1.2 | 3.00 | 42.00 | 45.00 | OK | |
| r-patched-linux-x86_64 | 0.1.2 | 2.36 | 24.56 | 26.92 | OK | |
| r-release-linux-x86_64 | 0.1.2 | 2.19 | 24.50 | 26.69 | OK | |
| r-release-macos-arm64 | 0.1.2 | 1.00 | 16.00 | 17.00 | OK | |
| r-release-macos-x86_64 | 0.1.2 | 2.00 | 29.00 | 31.00 | OK | |
| r-release-windows-x86_64 | 0.1.2 | 5.00 | 43.00 | 48.00 | OK | |
| r-oldrel-macos-arm64 | 0.1.2 | 1.00 | 15.00 | 16.00 | NOTE | |
| r-oldrel-macos-x86_64 | 0.1.2 | 2.00 | 23.00 | 25.00 | NOTE | |
| r-oldrel-windows-x86_64 | 0.1.2 | 3.00 | 49.00 | 52.00 | NOTE | 
Version: 0.1.2
Check: CRAN incoming feasibility
Result: NOTE
  Maintainer: ‘Kristopher Williams <kristopher.williams83@gmail.com>’
  
  No Authors@R field in DESCRIPTION.
  Please add one, modifying
    Authors@R: person(given = "Kristopher",
                      family = "Williams",
                      role = c("aut", "cre"),
                      email = "kristopher.williams83@gmail.com")
  as necessary.
Flavors: r-devel-linux-x86_64-debian-clang, r-devel-linux-x86_64-debian-gcc
Version: 0.1.2
Check: LazyData
Result: NOTE
    'LazyData' is specified without a 'data' directory
Flavors: r-oldrel-macos-arm64, r-oldrel-macos-x86_64, r-oldrel-windows-x86_64