Last updated on 2025-10-22 01:51:29 CEST.
Flavor | Version | Tinstall | Tcheck | Ttotal | Status | Flags |
---|---|---|---|---|---|---|
r-devel-linux-x86_64-debian-clang | 0.1.1 | 18.51 | 61.33 | 79.84 | NOTE | |
r-devel-linux-x86_64-debian-gcc | 0.1.1 | 10.26 | 47.53 | 57.79 | NOTE | |
r-devel-linux-x86_64-fedora-clang | 0.1.1 | 64.00 | 72.65 | 136.65 | NOTE | |
r-devel-linux-x86_64-fedora-gcc | 0.1.1 | 39.00 | 100.96 | 139.96 | NOTE | |
r-devel-windows-x86_64 | 0.1.1 | 26.00 | 90.00 | 116.00 | NOTE | |
r-patched-linux-x86_64 | 0.1.1 | 17.72 | 57.39 | 75.11 | NOTE | |
r-release-linux-x86_64 | 0.1.1 | 17.01 | 57.96 | 74.97 | NOTE | |
r-release-macos-arm64 | 0.1.1 | 9.00 | 45.00 | 54.00 | NOTE | |
r-release-macos-x86_64 | 0.1.1 | 15.00 | 58.00 | 73.00 | NOTE | |
r-release-windows-x86_64 | 0.1.1 | 26.00 | 91.00 | 117.00 | NOTE | |
r-oldrel-macos-arm64 | 0.1.1 | 10.00 | 40.00 | 50.00 | OK | |
r-oldrel-macos-x86_64 | 0.1.1 | 14.00 | 58.00 | 72.00 | OK | |
r-oldrel-windows-x86_64 | 0.1.1 | 29.00 | 116.00 | 145.00 | OK |
Version: 0.1.1
Check: DESCRIPTION meta-information
Result: NOTE
Missing dependency on R >= 4.1.0 because package code uses the pipe
|> or function shorthand \(...) syntax added in R 4.1.0.
File(s) using such syntax:
‘addCityShape.Rd’ ‘addProvinceShape.Rd’ ‘areaCalculator.R’
Flavors: r-devel-linux-x86_64-debian-clang, r-devel-linux-x86_64-debian-gcc, r-devel-linux-x86_64-fedora-clang, r-devel-linux-x86_64-fedora-gcc, r-devel-windows-x86_64, r-patched-linux-x86_64, r-release-linux-x86_64, r-release-macos-arm64, r-release-macos-x86_64, r-release-windows-x86_64