CRAN Package Check Results for Package leaftime

Last updated on 2025-10-27 02:49:28 CET.

Flavor Version Tinstall Tcheck Ttotal Status Flags
r-devel-linux-x86_64-debian-clang 0.2.0 2.64 25.71 28.35 OK
r-devel-linux-x86_64-debian-gcc 0.2.0 2.07 21.32 23.39 OK
r-devel-linux-x86_64-fedora-clang 0.2.0 11.00 31.25 42.25 OK
r-devel-linux-x86_64-fedora-gcc 0.2.0 38.36 OK
r-devel-windows-x86_64 0.2.0 5.00 44.00 49.00 OK
r-patched-linux-x86_64 0.2.0 2.32 23.21 25.53 OK
r-release-linux-x86_64 0.2.0 2.36 23.15 25.51 OK
r-release-macos-arm64 0.2.0 2.00 19.00 21.00 OK
r-release-macos-x86_64 0.2.0 2.00 24.00 26.00 OK
r-release-windows-x86_64 0.2.0 5.00 45.00 50.00 OK
r-oldrel-macos-arm64 0.2.0 1.00 16.00 17.00 NOTE
r-oldrel-macos-x86_64 0.2.0 2.00 22.00 24.00 NOTE
r-oldrel-windows-x86_64 0.2.0 6.00 49.00 55.00 NOTE

Check Details

Version: 0.2.0
Check: LazyData
Result: NOTE 'LazyData' is specified without a 'data' directory Flavors: r-oldrel-macos-arm64, r-oldrel-macos-x86_64, r-oldrel-windows-x86_64