CRAN Package Check Results for Package lessSEM

Last updated on 2025-04-30 01:50:24 CEST.

Flavor Version Tinstall Tcheck Ttotal Status Flags
r-devel-linux-x86_64-debian-clang 1.5.5 436.91 263.29 700.20 NOTE
r-devel-linux-x86_64-debian-gcc 1.5.5 323.65 177.34 500.99 NOTE
r-devel-linux-x86_64-fedora-clang 1.5.5 1244.59 NOTE
r-devel-linux-x86_64-fedora-gcc 1.5.5 1361.76 NOTE
r-devel-windows-x86_64 1.5.5 501.00 352.00 853.00 NOTE
r-patched-linux-x86_64 1.5.5 451.89 259.17 711.06 NOTE
r-release-linux-x86_64 1.5.5 447.85 260.52 708.37 NOTE
r-release-macos-arm64 1.5.5 296.00 NOTE
r-release-macos-x86_64 1.5.5 414.00 NOTE
r-release-windows-x86_64 1.5.5 510.00 331.00 841.00 NOTE
r-oldrel-macos-arm64 1.5.5 169.00 NOTE
r-oldrel-macos-x86_64 1.5.5 195.00 NOTE
r-oldrel-windows-x86_64 1.5.5 567.00 448.00 1015.00 NOTE

Check Details

Version: 1.5.5
Check: DESCRIPTION meta-information
Result: NOTE Missing dependency on R >= 4.1.0 because package code uses the pipe |> or function shorthand \(...) syntax added in R 4.1.0. File(s) using such syntax: ‘addCappedL1.Rd’ ‘addElasticNet.Rd’ ‘addLasso.Rd’ ‘addLsp.Rd’ ‘addMcp.Rd’ ‘addScad.Rd’ ‘fit.Rd’ ‘getTuningParameterConfiguration.Rd’ ‘mixedPenalty.Rd’ ‘regularizationHelper.R’ ‘stabilitySelection.R’ Flavors: r-devel-linux-x86_64-debian-clang, r-devel-linux-x86_64-debian-gcc, r-devel-linux-x86_64-fedora-clang, r-devel-linux-x86_64-fedora-gcc, r-devel-windows-x86_64, r-patched-linux-x86_64, r-release-linux-x86_64, r-release-macos-arm64, r-release-windows-x86_64

Version: 1.5.5
Check: Rd cross-references
Result: NOTE Found the following Rd file(s) with Rd \link{} targets missing package anchors: lessSEM.Rd: Stat Please provide package anchors for all Rd \link{} targets not in the package itself and the base packages. Flavors: r-devel-linux-x86_64-debian-clang, r-devel-linux-x86_64-debian-gcc, r-devel-windows-x86_64, r-patched-linux-x86_64, r-release-linux-x86_64, r-release-windows-x86_64

Version: 1.5.5
Check: examples
Result: NOTE Examples with CPU (user + system) or elapsed time > 5s user system elapsed cvAdaptiveLasso 4.588 0.044 5.630 cvMcp 4.462 0.028 6.222 adaptiveLasso 4.183 0.173 5.863 cvSmoothAdaptiveLasso 4.322 0.003 6.225 stabilitySelection 4.172 0.001 5.002 gpRidge 4.054 0.012 5.342 cvSmoothLasso 3.973 0.000 5.146 Flavor: r-devel-linux-x86_64-debian-clang

Version: 1.5.5
Check: DESCRIPTION meta-information
Result: NOTE Missing dependency on R >= 4.1.0 because package code uses the pipe |> or function shorthand \(...) syntax added in R 4.1.0. File(s) using such syntax: ‘regularizationHelper.R’ ‘stabilitySelection.R’ Flavor: r-release-macos-x86_64

Version: 1.5.5
Check: installed package size
Result: NOTE installed size is 48.5Mb sub-directories of 1Mb or more: help 1.1Mb libs 45.6Mb Flavors: r-oldrel-macos-arm64, r-oldrel-macos-x86_64, r-oldrel-windows-x86_64

Version: 1.5.5
Check: for GNU extensions in Makefiles
Result: NOTE GNU make is a SystemRequirements. Flavors: r-oldrel-macos-arm64, r-oldrel-macos-x86_64, r-oldrel-windows-x86_64