CRAN Package Check Results for Package likelihoodExplore

Last updated on 2025-04-30 01:50:24 CEST.

Flavor Version Tinstall Tcheck Ttotal Status Flags
r-devel-linux-x86_64-debian-clang 0.1.0 2.24 25.65 27.89 OK
r-devel-linux-x86_64-debian-gcc 0.1.0 2.04 20.53 22.57 OK
r-devel-linux-x86_64-fedora-clang 0.1.0 44.63 OK
r-devel-linux-x86_64-fedora-gcc 0.1.0 43.34 OK
r-devel-windows-x86_64 0.1.0 4.00 53.00 57.00 OK
r-patched-linux-x86_64 0.1.0 2.91 25.04 27.95 OK
r-release-linux-x86_64 0.1.0 3.06 25.18 28.24 OK
r-release-macos-arm64 0.1.0 15.00 OK
r-release-macos-x86_64 0.1.0 33.00 OK
r-release-windows-x86_64 0.1.0 4.00 52.00 56.00 OK
r-oldrel-macos-arm64 0.1.0 18.00 NOTE
r-oldrel-macos-x86_64 0.1.0 25.00 NOTE
r-oldrel-windows-x86_64 0.1.0 5.00 51.00 56.00 NOTE

Check Details

Version: 0.1.0
Check: LazyData
Result: NOTE 'LazyData' is specified without a 'data' directory Flavors: r-oldrel-macos-arm64, r-oldrel-macos-x86_64, r-oldrel-windows-x86_64