Last updated on 2025-10-25 01:51:05 CEST.
| Flavor | Version | Tinstall | Tcheck | Ttotal | Status | Flags |
|---|---|---|---|---|---|---|
| r-devel-linux-x86_64-debian-clang | 1.0.1 | 1.66 | 37.49 | 39.15 | OK | |
| r-devel-linux-x86_64-debian-gcc | 1.0.1 | 1.45 | 29.93 | 31.38 | OK | |
| r-devel-linux-x86_64-fedora-clang | 1.0.1 | 10.00 | 51.93 | 61.93 | OK | |
| r-devel-linux-x86_64-fedora-gcc | 1.0.1 | 75.77 | OK | |||
| r-devel-windows-x86_64 | 1.0.1 | 3.00 | 56.00 | 59.00 | OK | |
| r-patched-linux-x86_64 | 1.0.1 | 1.57 | 35.86 | 37.43 | OK | |
| r-release-linux-x86_64 | 1.0.1 | 1.54 | 34.82 | 36.36 | OK | |
| r-release-macos-arm64 | 1.0.1 | 1.00 | 23.00 | 24.00 | ERROR | |
| r-release-macos-x86_64 | 1.0.1 | 2.00 | 46.00 | 48.00 | ERROR | |
| r-release-windows-x86_64 | 1.0.1 | 3.00 | 55.00 | 58.00 | OK | |
| r-oldrel-macos-arm64 | 1.0.1 | 1.00 | 31.00 | 32.00 | ERROR | |
| r-oldrel-macos-x86_64 | 1.0.1 | 1.00 | 38.00 | 39.00 | OK | |
| r-oldrel-windows-x86_64 | 1.0.1 | 3.00 | 63.00 | 66.00 | OK |
Version: 1.0.1
Check: re-building of vignette outputs
Result: ERROR
Error(s) in re-building vignettes:
--- re-building ‘introduction.Rmd’ using rmarkdown
Quitting from introduction.Rmd:21-30 [unnamed-chunk-2]
~~~~~~~~~~~~~~~~~~~~~~~~~~~~~~~~~~~~~~~~~~~~~~~~~~~~~~~~~~~~~~~~~~~~~~~~~~~~~~~~
<error/rlang_error>
Error in `library()`:
! there is no package called 'org.Mm.eg.db'
---
Backtrace:
▆
1. └─base::library("org.Mm.eg.db")
~~~~~~~~~~~~~~~~~~~~~~~~~~~~~~~~~~~~~~~~~~~~~~~~~~~~~~~~~~~~~~~~~~~~~~~~~~~~~~~~
Error: processing vignette 'introduction.Rmd' failed with diagnostics:
there is no package called 'org.Mm.eg.db'
--- failed re-building ‘introduction.Rmd’
SUMMARY: processing the following file failed:
‘introduction.Rmd’
Error: Vignette re-building failed.
Execution halted
Flavors: r-release-macos-arm64, r-release-macos-x86_64
Version: 1.0.1
Check: package dependencies
Result: NOTE
Package suggested but not available for checking: ‘org.Mm.eg.db’
Flavor: r-oldrel-macos-arm64
Version: 1.0.1
Check: re-building of vignette outputs
Result: ERROR
Error(s) in re-building vignettes:
--- re-building ‘introduction.Rmd’ using rmarkdown
Quitting from lines 22-30 [unnamed-chunk-2] (introduction.Rmd)
Error: processing vignette 'introduction.Rmd' failed with diagnostics:
there is no package called 'org.Mm.eg.db'
--- failed re-building ‘introduction.Rmd’
SUMMARY: processing the following file failed:
‘introduction.Rmd’
Error: Vignette re-building failed.
Execution halted
Flavor: r-oldrel-macos-arm64