Last updated on 2025-10-26 01:49:53 CEST.
| Flavor | Version | Tinstall | Tcheck | Ttotal | Status | Flags |
|---|---|---|---|---|---|---|
| r-devel-linux-x86_64-debian-clang | 1.0.3 | 1.70 | 18.52 | 20.22 | OK | |
| r-devel-linux-x86_64-debian-gcc | 1.0.3 | 1.30 | 15.56 | 16.86 | OK | |
| r-devel-linux-x86_64-fedora-clang | 1.0.3 | 29.49 | OK | |||
| r-devel-linux-x86_64-fedora-gcc | 1.0.3 | 27.89 | OK | |||
| r-devel-windows-x86_64 | 1.0.3 | 3.00 | 37.00 | 40.00 | OK | |
| r-patched-linux-x86_64 | 1.0.3 | 1.55 | 17.39 | 18.94 | OK | |
| r-release-linux-x86_64 | 1.0.3 | 1.31 | 17.46 | 18.77 | OK | |
| r-release-macos-arm64 | 1.0.3 | 1.00 | 14.00 | 15.00 | OK | |
| r-release-macos-x86_64 | 1.0.3 | 2.00 | 26.00 | 28.00 | OK | |
| r-release-windows-x86_64 | 1.0.3 | 3.00 | 40.00 | 43.00 | OK | |
| r-oldrel-macos-arm64 | 1.0.3 | 1.00 | 13.00 | 14.00 | NOTE | |
| r-oldrel-macos-x86_64 | 1.0.3 | 1.00 | 19.00 | 20.00 | NOTE | |
| r-oldrel-windows-x86_64 | 1.0.3 | 4.00 | 37.00 | 41.00 | NOTE |
Version: 1.0.3
Check: LazyData
Result: NOTE
'LazyData' is specified without a 'data' directory
Flavors: r-oldrel-macos-arm64, r-oldrel-macos-x86_64, r-oldrel-windows-x86_64