Last updated on 2025-05-09 01:50:09 CEST.
Flavor | Version | Tinstall | Tcheck | Ttotal | Status | Flags |
---|---|---|---|---|---|---|
r-devel-linux-x86_64-debian-clang | 0.9-40 | 5.05 | 44.91 | 49.96 | NOTE | |
r-devel-linux-x86_64-debian-gcc | 0.9-40 | 3.84 | 34.71 | 38.55 | NOTE | |
r-devel-linux-x86_64-fedora-clang | 0.9-40 | 77.75 | OK | |||
r-devel-linux-x86_64-fedora-gcc | 0.9-40 | 88.74 | OK | |||
r-devel-windows-x86_64 | 0.9-40 | 9.00 | 92.00 | 101.00 | OK | |
r-patched-linux-x86_64 | 0.9-40 | 6.96 | 42.77 | 49.73 | OK | |
r-release-linux-x86_64 | 0.9-40 | 4.41 | 42.24 | 46.65 | OK | |
r-release-macos-arm64 | 0.9-40 | 39.00 | OK | |||
r-release-macos-x86_64 | 0.9-40 | 86.00 | OK | |||
r-release-windows-x86_64 | 0.9-40 | 10.00 | 90.00 | 100.00 | OK | |
r-oldrel-macos-arm64 | 0.9-40 | 39.00 | OK | |||
r-oldrel-macos-x86_64 | 0.9-40 | 66.00 | OK | |||
r-oldrel-windows-x86_64 | 0.9-40 | 10.00 | 95.00 | 105.00 | OK |
Version: 0.9-40
Check: CRAN incoming feasibility
Result: NOTE
Maintainer: ‘Achim Zeileis <Achim.Zeileis@R-project.org>’
Package CITATION file contains call(s) to old-style personList() or
as.personList(). Please use c() on person objects instead.
Package CITATION file contains call(s) to old-style citEntry(). Please
use bibentry() instead.
Flavors: r-devel-linux-x86_64-debian-clang, r-devel-linux-x86_64-debian-gcc