Last updated on 2024-05-21 02:02:07 CEST.
Flavor | Version | Tinstall | Tcheck | Ttotal | Status | Flags |
---|---|---|---|---|---|---|
r-devel-linux-x86_64-debian-clang | 0.2.0 | 11.38 | 91.32 | 102.70 | NOTE | |
r-devel-linux-x86_64-debian-gcc | 0.2.0 | 8.90 | 68.19 | 77.09 | NOTE | |
r-devel-linux-x86_64-fedora-clang | 0.2.0 | 123.51 | NOTE | |||
r-devel-linux-x86_64-fedora-gcc | 0.2.0 | 121.41 | NOTE | |||
r-devel-windows-x86_64 | 0.2.0 | 11.00 | 85.00 | 96.00 | NOTE | |
r-patched-linux-x86_64 | 0.2.0 | 7.57 | 87.74 | 95.31 | NOTE | |
r-release-linux-x86_64 | 0.2.0 | 8.72 | 85.98 | 94.70 | NOTE | |
r-release-macos-arm64 | 0.2.0 | 35.00 | NOTE | |||
r-release-windows-x86_64 | 0.2.0 | 12.00 | 84.00 | 96.00 | NOTE | |
r-oldrel-macos-arm64 | 0.2.0 | 39.00 | NOTE | |||
r-oldrel-macos-x86_64 | 0.2.0 | 61.00 | NOTE | |||
r-oldrel-windows-x86_64 | 0.2.0 | 13.00 | 98.00 | 111.00 | NOTE |
Version: 0.2.0
Check: LazyData
Result: NOTE
'LazyData' is specified without a 'data' directory
Flavors: r-devel-linux-x86_64-debian-clang, r-devel-linux-x86_64-debian-gcc, r-devel-linux-x86_64-fedora-clang, r-devel-linux-x86_64-fedora-gcc, r-devel-windows-x86_64, r-patched-linux-x86_64, r-release-linux-x86_64, r-release-macos-arm64, r-release-windows-x86_64, r-oldrel-macos-arm64, r-oldrel-macos-x86_64, r-oldrel-windows-x86_64
Version: 0.2.0
Check: dependencies in R code
Result: NOTE
Namespace in Imports field not imported from: ‘shinyjs’
All declared Imports should be used.
Flavors: r-devel-linux-x86_64-fedora-clang, r-devel-linux-x86_64-fedora-gcc