CRAN Package Check Results for Package lobstr

Last updated on 2025-11-06 01:50:18 CET.

Flavor Version Tinstall Tcheck Ttotal Status Flags
r-devel-linux-x86_64-debian-clang 1.1.2 9.32 33.31 42.63 NOTE
r-devel-linux-x86_64-debian-gcc 1.1.2 6.84 25.95 32.79 WARN
r-devel-linux-x86_64-fedora-clang 1.1.2 19.00 51.66 70.66 NOTE
r-devel-linux-x86_64-fedora-gcc 1.1.2 21.00 41.60 62.60 NOTE
r-devel-windows-x86_64 1.1.2 13.00 65.00 78.00 NOTE
r-patched-linux-x86_64 1.1.2 7.94 30.36 38.30 NOTE
r-release-linux-x86_64 1.1.2 7.69 30.48 38.17 NOTE
r-release-macos-arm64 1.1.2 5.00 20.00 25.00 NOTE
r-release-macos-x86_64 1.1.2 9.00 29.00 38.00 NOTE
r-release-windows-x86_64 1.1.2 14.00 63.00 77.00 NOTE
r-oldrel-macos-arm64 1.1.2 5.00 22.00 27.00 NOTE
r-oldrel-macos-x86_64 1.1.2 6.00 28.00 34.00 NOTE
r-oldrel-windows-x86_64 1.1.2 15.00 78.00 93.00 NOTE

Check Details

Version: 1.1.2
Check: C++ specification
Result: NOTE Specified C++11: please drop specification unless essential Flavors: r-devel-linux-x86_64-debian-clang, r-devel-linux-x86_64-debian-gcc, r-devel-linux-x86_64-fedora-clang, r-devel-linux-x86_64-fedora-gcc, r-devel-windows-x86_64, r-patched-linux-x86_64, r-release-linux-x86_64, r-release-macos-arm64, r-release-macos-x86_64, r-release-windows-x86_64, r-oldrel-macos-arm64, r-oldrel-macos-x86_64, r-oldrel-windows-x86_64

Version: 1.1.2
Check: compiled code
Result: NOTE File ‘lobstr/libs/lobstr.so’: Found non-API calls to R: ‘BODY’, ‘CLOENV’, ‘ENCLOS’, ‘EXTPTR_PROT’, ‘EXTPTR_TAG’, ‘FORMALS’, ‘FRAME’, ‘HASHTAB’, ‘NAMED’, ‘OBJECT’, ‘PRCODE’, ‘PRENV’, ‘PRVALUE’, ‘R_lsInternal’, ‘Rf_findVarInFrame3’, ‘TRUELENGTH’ Compiled code should not call non-API entry points in R. See ‘Writing portable packages’ in the ‘Writing R Extensions’ manual, and section ‘Moving into C API compliance’ for issues with the use of non-API entry points. Flavors: r-devel-linux-x86_64-debian-clang, r-devel-linux-x86_64-fedora-clang, r-devel-linux-x86_64-fedora-gcc, r-patched-linux-x86_64, r-release-linux-x86_64, r-release-macos-arm64, r-release-macos-x86_64

Version: 1.1.2
Check: compiled code
Result: WARN File ‘lobstr/libs/lobstr.so’: Found non-API calls to R: ‘BODY’, ‘CLOENV’, ‘ENCLOS’, ‘EXTPTR_PROT’, ‘EXTPTR_TAG’, ‘FORMALS’, ‘FRAME’, ‘HASHTAB’, ‘NAMED’, ‘OBJECT’, ‘PRCODE’, ‘PRENV’, ‘PRVALUE’, ‘R_lsInternal’, ‘Rf_findVarInFrame3’, ‘TRUELENGTH’ These entry points may be removed soon: ‘R_lsInternal’, ‘EXTPTR_PROT’, ‘EXTPTR_TAG’, ‘NAMED’, ‘FRAME’, ‘HASHTAB’, ‘BODY’, ‘FORMALS’, ‘CLOENV’, ‘ENCLOS’, ‘OBJECT’ Compiled code should not call non-API entry points in R. See ‘Writing portable packages’ in the ‘Writing R Extensions’ manual, and section ‘Moving into C API compliance’ for issues with the use of non-API entry points. Flavor: r-devel-linux-x86_64-debian-gcc

Version: 1.1.2
Check: compiled code
Result: NOTE File 'lobstr/libs/x64/lobstr.dll': Found non-API calls to R: 'BODY', 'CLOENV', 'ENCLOS', 'EXTPTR_PROT', 'EXTPTR_TAG', 'FORMALS', 'FRAME', 'HASHTAB', 'NAMED', 'OBJECT', 'PRCODE', 'PRENV', 'PRVALUE', 'R_lsInternal', 'Rf_findVarInFrame3', 'TRUELENGTH' Compiled code should not call non-API entry points in R. See 'Writing portable packages' in the 'Writing R Extensions' manual, and section 'Moving into C API compliance' for issues with the use of non-API entry points. Flavors: r-devel-windows-x86_64, r-release-windows-x86_64