Last updated on 2025-02-10 01:48:24 CET.
Flavor | Version | Tinstall | Tcheck | Ttotal | Status | Flags |
---|---|---|---|---|---|---|
r-devel-linux-x86_64-debian-clang | 1.0.11 | 64.02 | 127.21 | 191.23 | OK | |
r-devel-linux-x86_64-debian-gcc | 1.0.11 | 53.47 | 88.40 | 141.87 | OK | |
r-devel-linux-x86_64-fedora-clang | 1.0.11 | 320.13 | OK | |||
r-devel-linux-x86_64-fedora-gcc | 1.0.11 | 371.70 | OK | |||
r-devel-windows-x86_64 | 1.0.11 | 62.00 | 154.00 | 216.00 | OK | |
r-patched-linux-x86_64 | 1.0.11 | 74.60 | 123.50 | 198.10 | OK | |
r-release-linux-x86_64 | 1.0.11 | 71.62 | 123.66 | 195.28 | OK | |
r-release-macos-arm64 | 1.0.11 | 84.00 | NOTE | |||
r-release-macos-x86_64 | 1.0.11 | 127.00 | NOTE | |||
r-release-windows-x86_64 | 1.0.11 | 62.00 | 156.00 | 218.00 | OK | |
r-oldrel-macos-arm64 | 1.0.11 | 112.00 | NOTE | |||
r-oldrel-macos-x86_64 | 1.0.11 | 296.00 | NOTE | |||
r-oldrel-windows-x86_64 | 1.0.11 | 60.00 | 189.00 | 249.00 | OK |
Version: 1.0.11
Check: installed package size
Result: NOTE
installed size is 33.7Mb
sub-directories of 1Mb or more:
doc 1.7Mb
libs 31.7Mb
Flavors: r-release-macos-arm64, r-release-macos-x86_64, r-oldrel-macos-arm64, r-oldrel-macos-x86_64