Last updated on 2025-02-20 01:50:39 CET.
Flavor | Version | Tinstall | Tcheck | Ttotal | Status | Flags |
---|---|---|---|---|---|---|
r-devel-linux-x86_64-debian-clang | 1.2.2 | 39.56 | 140.91 | 180.47 | NOTE | |
r-devel-linux-x86_64-debian-gcc | 1.2.2 | 27.81 | 100.82 | 128.63 | NOTE | |
r-devel-linux-x86_64-fedora-clang | 1.2.2 | 288.91 | NOTE | |||
r-devel-linux-x86_64-fedora-gcc | 1.2.2 | 280.81 | NOTE | |||
r-devel-macos-arm64 | 1.2.2 | 78.00 | NOTE | |||
r-devel-macos-x86_64 | 1.2.2 | 169.00 | NOTE | |||
r-devel-windows-x86_64 | 1.2.2 | 41.00 | 164.00 | 205.00 | NOTE | |
r-patched-linux-x86_64 | 1.2.2 | 35.61 | 129.37 | 164.98 | NOTE | |
r-release-linux-x86_64 | 1.2.2 | 35.32 | 130.57 | 165.89 | NOTE | |
r-release-macos-arm64 | 1.2.2 | 78.00 | NOTE | |||
r-release-macos-x86_64 | 1.2.2 | 113.00 | NOTE | |||
r-release-windows-x86_64 | 1.2.2 | 40.00 | 158.00 | 198.00 | NOTE | |
r-oldrel-macos-arm64 | 1.2.2 | 75.00 | NOTE | |||
r-oldrel-macos-x86_64 | 1.2.2 | 128.00 | NOTE | |||
r-oldrel-windows-x86_64 | 1.2.2 | 53.00 | 184.00 | 237.00 | NOTE |
Version: 1.2.2
Check: C++ specification
Result: NOTE
Specified C++11: please drop specification unless essential
Flavors: r-devel-linux-x86_64-debian-clang, r-devel-linux-x86_64-debian-gcc, r-devel-linux-x86_64-fedora-clang, r-devel-linux-x86_64-fedora-gcc, r-devel-macos-arm64, r-devel-macos-x86_64, r-devel-windows-x86_64, r-patched-linux-x86_64, r-release-linux-x86_64, r-release-macos-arm64, r-release-macos-x86_64, r-release-windows-x86_64, r-oldrel-macos-arm64, r-oldrel-macos-x86_64, r-oldrel-windows-x86_64