Last updated on 2025-04-30 01:50:26 CEST.
Flavor | Version | Tinstall | Tcheck | Ttotal | Status | Flags |
---|---|---|---|---|---|---|
r-devel-linux-x86_64-debian-clang | 0.1-5 | 2.44 | 30.34 | 32.78 | NOTE | |
r-devel-linux-x86_64-debian-gcc | 0.1-5 | 1.93 | 22.52 | 24.45 | NOTE | |
r-devel-linux-x86_64-fedora-clang | 0.1-5 | 49.63 | OK | |||
r-devel-linux-x86_64-fedora-gcc | 0.1-5 | 47.97 | OK | |||
r-devel-windows-x86_64 | 0.1-5 | 4.00 | 65.00 | 69.00 | OK | |
r-patched-linux-x86_64 | 0.1-5 | 2.62 | 28.35 | 30.97 | OK | |
r-release-linux-x86_64 | 0.1-5 | 2.55 | 28.27 | 30.82 | OK | |
r-release-macos-arm64 | 0.1-5 | 20.00 | OK | |||
r-release-macos-x86_64 | 0.1-5 | 31.00 | OK | |||
r-release-windows-x86_64 | 0.1-5 | 3.00 | 53.00 | 56.00 | OK | |
r-oldrel-macos-arm64 | 0.1-5 | 25.00 | OK | |||
r-oldrel-macos-x86_64 | 0.1-5 | 29.00 | OK | |||
r-oldrel-windows-x86_64 | 0.1-5 | 4.00 | 55.00 | 59.00 | OK |
Version: 0.1-5
Check: CRAN incoming feasibility
Result: NOTE
Maintainer: ‘Mehmet Balcilar <mehmet@mbalcilar.net>’
No Authors@R field in DESCRIPTION.
Please add one, modifying
Authors@R: person(given = "Mehmet",
family = "Balcilar",
role = c("aut", "cre"),
email = "mehmet@mbalcilar.net")
as necessary.
Flavors: r-devel-linux-x86_64-debian-clang, r-devel-linux-x86_64-debian-gcc