CRAN Package Check Results for Package mailtoR

Last updated on 2025-05-19 01:49:58 CEST.

Flavor Version Tinstall Tcheck Ttotal Status Flags
r-devel-linux-x86_64-debian-clang 0.1.0 1.09 17.20 18.29 NOTE
r-devel-linux-x86_64-debian-gcc 0.1.0 1.28 14.54 15.82 NOTE
r-devel-linux-x86_64-fedora-clang 0.1.0 28.78 OK
r-devel-linux-x86_64-fedora-gcc 0.1.0 28.44 OK
r-devel-windows-x86_64 0.1.0 3.00 45.00 48.00 OK
r-patched-linux-x86_64 0.1.0 1.78 15.61 17.39 OK
r-release-linux-x86_64 0.1.0 1.58 15.72 17.30 OK
r-release-macos-arm64 0.1.0 34.00 OK
r-release-macos-x86_64 0.1.0 22.00 OK
r-release-windows-x86_64 0.1.0 3.00 44.00 47.00 OK
r-oldrel-macos-arm64 0.1.0 15.00 NOTE
r-oldrel-macos-x86_64 0.1.0 21.00 NOTE
r-oldrel-windows-x86_64 0.1.0 3.00 42.00 45.00 NOTE

Check Details

Version: 0.1.0
Check: CRAN incoming feasibility
Result: NOTE Maintainer: ‘Mohamed El Fodil Ihaddaden <ihaddaden.fodeil@gmail.com>’ No Authors@R field in DESCRIPTION. Please add one, modifying Authors@R: person(given = c("Mohamed", "El", "Fodil"), family = "Ihaddaden", role = c("aut", "cre"), email = "ihaddaden.fodeil@gmail.com") as necessary. Flavors: r-devel-linux-x86_64-debian-clang, r-devel-linux-x86_64-debian-gcc

Version: 0.1.0
Check: LazyData
Result: NOTE 'LazyData' is specified without a 'data' directory Flavors: r-oldrel-macos-arm64, r-oldrel-macos-x86_64, r-oldrel-windows-x86_64