Last updated on 2025-05-19 02:49:40 CEST.
Flavor | Version | Tinstall | Tcheck | Ttotal | Status | Flags |
---|---|---|---|---|---|---|
r-devel-linux-x86_64-debian-clang | 0.1.4 | 43.41 | 131.12 | 174.53 | NOTE | |
r-devel-linux-x86_64-debian-gcc | 0.1.4 | 34.48 | 94.91 | 129.39 | NOTE | |
r-devel-linux-x86_64-fedora-clang | 0.1.4 | 280.84 | NOTE | |||
r-devel-linux-x86_64-fedora-gcc | 0.1.4 | 272.04 | NOTE | |||
r-devel-windows-x86_64 | 0.1.4 | 48.00 | 133.00 | 181.00 | NOTE | |
r-patched-linux-x86_64 | 0.1.4 | 40.00 | 123.47 | 163.47 | NOTE | |
r-release-linux-x86_64 | 0.1.4 | 41.36 | 124.46 | 165.82 | NOTE | |
r-release-macos-arm64 | 0.1.4 | 77.00 | NOTE | |||
r-release-macos-x86_64 | 0.1.4 | 147.00 | NOTE | |||
r-release-windows-x86_64 | 0.1.4 | 47.00 | 149.00 | 196.00 | NOTE | |
r-oldrel-macos-arm64 | 0.1.4 | 81.00 | OK | |||
r-oldrel-macos-x86_64 | 0.1.4 | 108.00 | OK | |||
r-oldrel-windows-x86_64 | 0.1.4 | 62.00 | 153.00 | 215.00 | OK |
Version: 0.1.4
Check: DESCRIPTION meta-information
Result: NOTE
Missing dependency on R >= 4.1.0 because package code uses the pipe
|> or function shorthand \(...) syntax added in R 4.1.0.
File(s) using such syntax:
‘data_analysis_descriptive.R’ ‘functions.R’ ‘main.R’
‘merge_quality_articles.R’
Flavors: r-devel-linux-x86_64-debian-clang, r-devel-linux-x86_64-debian-gcc, r-devel-linux-x86_64-fedora-clang, r-devel-linux-x86_64-fedora-gcc, r-devel-windows-x86_64, r-patched-linux-x86_64, r-release-linux-x86_64, r-release-macos-arm64, r-release-macos-x86_64, r-release-windows-x86_64