Last updated on 2025-05-09 01:50:10 CEST.
Flavor | Version | Tinstall | Tcheck | Ttotal | Status | Flags |
---|---|---|---|---|---|---|
r-devel-linux-x86_64-debian-clang | 1.2.8 | 30.87 | 190.75 | 221.62 | NOTE | |
r-devel-linux-x86_64-debian-gcc | 1.2.8 | 21.29 | 131.32 | 152.61 | NOTE | |
r-devel-linux-x86_64-fedora-clang | 1.2.8 | 359.20 | OK | |||
r-devel-linux-x86_64-fedora-gcc | 1.2.8 | 366.96 | OK | |||
r-devel-windows-x86_64 | 1.2.8 | 42.00 | 221.00 | 263.00 | OK | |
r-patched-linux-x86_64 | 1.2.8 | 29.93 | 179.41 | 209.34 | OK | |
r-release-linux-x86_64 | 1.2.8 | 28.79 | 181.04 | 209.83 | OK | |
r-release-macos-arm64 | 1.2.8 | 126.00 | OK | |||
r-release-macos-x86_64 | 1.2.8 | 209.00 | OK | |||
r-release-windows-x86_64 | 1.2.8 | 41.00 | 227.00 | 268.00 | OK | |
r-oldrel-macos-arm64 | 1.2.8 | 99.00 | OK | |||
r-oldrel-macos-x86_64 | 1.2.8 | 147.00 | OK | |||
r-oldrel-windows-x86_64 | 1.2.8 | 48.00 | 279.00 | 327.00 | OK |
Version: 1.2.8
Check: CRAN incoming feasibility
Result: NOTE
Maintainer: ‘Jeff Laake <jefflaake@gmail.com>’
No Authors@R field in DESCRIPTION.
Please add one, modifying
Authors@R: c(person(given = "Jeff",
family = "Laake",
role = c("aut", "cre"),
email = "jefflaake@gmail.com"),
person(given = "Devin",
family = "Johnson",
role = "aut",
email = "devin.johnson@noaa.gov"),
person(given = "Paul",
family = "Conn",
role = "aut",
email = "paul.conn@noaa.gov"),
person(given = c("example", "for", "simHMM", "from", "Jay"),
family = "Rotella",
role = "aut"))
as necessary.
Flavors: r-devel-linux-x86_64-debian-clang, r-devel-linux-x86_64-debian-gcc