Last updated on 2025-04-30 01:50:26 CEST.
Flavor | Version | Tinstall | Tcheck | Ttotal | Status | Flags |
---|---|---|---|---|---|---|
r-devel-linux-x86_64-debian-clang | 1.1.1 | 13.36 | 121.08 | 134.44 | NOTE | |
r-devel-linux-x86_64-debian-gcc | 1.1.1 | 9.04 | 87.30 | 96.34 | NOTE | |
r-devel-linux-x86_64-fedora-clang | 1.1.1 | 199.14 | OK | |||
r-devel-linux-x86_64-fedora-gcc | 1.1.1 | 200.73 | OK | |||
r-devel-windows-x86_64 | 1.1.1 | 14.00 | 129.00 | 143.00 | OK | |
r-patched-linux-x86_64 | 1.1.1 | 13.32 | 115.47 | 128.79 | OK | |
r-release-linux-x86_64 | 1.1.1 | 10.01 | 113.83 | 123.84 | OK | |
r-release-macos-arm64 | 1.1.1 | 62.00 | OK | |||
r-release-macos-x86_64 | 1.1.1 | 113.00 | OK | |||
r-release-windows-x86_64 | 1.1.1 | 14.00 | 133.00 | 147.00 | OK | |
r-oldrel-macos-arm64 | 1.1.1 | 59.00 | OK | |||
r-oldrel-macos-x86_64 | 1.1.1 | 95.00 | OK | |||
r-oldrel-windows-x86_64 | 1.1.1 | 18.00 | 160.00 | 178.00 | OK |
Version: 1.1.1
Check: examples
Result: NOTE
Examples with CPU (user + system) or elapsed time > 5s
user system elapsed
mcMSTEmoaBG 8.618 0.101 10.021
Flavor: r-devel-linux-x86_64-debian-clang
Version: 1.1.1
Check: examples
Result: NOTE
Examples with CPU (user + system) or elapsed time > 5s
user system elapsed
mcMSTEmoaBG 5.195 0.104 6.417
Flavor: r-devel-linux-x86_64-debian-gcc