CRAN Package Check Results for Package mcprofile

Last updated on 2025-06-28 01:49:55 CEST.

Flavor Version Tinstall Tcheck Ttotal Status Flags
r-devel-linux-x86_64-debian-clang 1.0-1 5.52 76.53 82.05 NOTE
r-devel-linux-x86_64-debian-gcc 1.0-1 3.56 57.00 60.56 NOTE
r-devel-linux-x86_64-fedora-clang 1.0-1 129.33 OK
r-devel-linux-x86_64-fedora-gcc 1.0-1 136.38 OK
r-devel-windows-x86_64 1.0-1 8.00 86.00 94.00 OK
r-patched-linux-x86_64 OK
r-release-linux-x86_64 1.0-1 4.77 73.29 78.06 OK
r-release-macos-arm64 1.0-1 88.00 OK
r-release-macos-x86_64 1.0-1 76.00 OK
r-release-windows-x86_64 1.0-1 8.00 88.00 96.00 OK
r-oldrel-macos-arm64 1.0-1 41.00 OK
r-oldrel-macos-x86_64 1.0-1 62.00 OK
r-oldrel-windows-x86_64 1.0-1 11.00 111.00 122.00 OK

Check Details

Version: 1.0-1
Check: CRAN incoming feasibility
Result: NOTE Maintainer: ‘Daniel Gerhard <00gerhard@gmail.com>’ Package CITATION file contains call(s) to old-style citEntry(). Please use bibentry() instead. Flavors: r-devel-linux-x86_64-debian-clang, r-devel-linux-x86_64-debian-gcc