Last updated on 2025-11-12 02:53:01 CET.
| Flavor | Version | Tinstall | Tcheck | Ttotal | Status | Flags |
|---|---|---|---|---|---|---|
| r-devel-linux-x86_64-debian-clang | 1.9-22 | 55.90 | 118.17 | 174.07 | NOTE | |
| r-devel-linux-x86_64-debian-gcc | 1.9-22 | 32.85 | 84.88 | 117.73 | NOTE | |
| r-devel-linux-x86_64-fedora-clang | 1.9-22 | 301.00 | 7.70 | 308.70 | OK | |
| r-devel-linux-x86_64-fedora-gcc | 1.9-22 | 105.00 | 162.73 | 267.73 | OK | |
| r-devel-windows-x86_64 | 1.9-22 | 67.00 | 126.00 | 193.00 | OK | |
| r-patched-linux-x86_64 | 1.9-22 | 52.30 | 112.16 | 164.46 | OK | |
| r-release-linux-x86_64 | 1.9-22 | 52.75 | 111.24 | 163.99 | OK | |
| r-release-macos-arm64 | 1.9-22 | 19.00 | 46.00 | 65.00 | OK | |
| r-release-macos-x86_64 | 1.9-22 | 28.00 | 110.00 | 138.00 | OK | |
| r-release-windows-x86_64 | 1.9-22 | 65.00 | 134.00 | 199.00 | OK | |
| r-oldrel-macos-arm64 | 1.9-22 | 24.00 | 53.00 | 77.00 | OK | |
| r-oldrel-macos-x86_64 | 1.9-22 | 39.00 | 104.00 | 143.00 | OK | |
| r-oldrel-windows-x86_64 | 1.9-22 | 80.00 | 161.00 | 241.00 | OK |
Version: 1.9-22
Check: CRAN incoming feasibility
Result: NOTE
Maintainer: ‘Alexander Robitzsch <robitzsch@ipn.uni-kiel.de>’
No Authors@R field in DESCRIPTION.
Please add one, modifying
Authors@R: c(person(given = "Alexander",
family = "Robitzsch",
role = c("aut", "cre"),
email = "robitzsch@ipn.uni-kiel.de"),
person(given = "Oliver",
family = "Luedtke",
role = "aut"))
as necessary.
Flavors: r-devel-linux-x86_64-debian-clang, r-devel-linux-x86_64-debian-gcc