Last updated on 2024-05-13 01:52:20 CEST.
Flavor | Version | Tinstall | Tcheck | Ttotal | Status | Flags |
---|---|---|---|---|---|---|
r-devel-linux-x86_64-debian-clang | 0.99.31.7 | 40.25 | 194.47 | 234.72 | OK | |
r-devel-linux-x86_64-debian-gcc | 0.99.31.7 | 33.77 | 137.93 | 171.70 | OK | |
r-devel-linux-x86_64-fedora-clang | 0.99.31.7 | 293.22 | NOTE | |||
r-devel-linux-x86_64-fedora-gcc | 0.99.31.7 | 364.64 | OK | |||
r-devel-windows-x86_64 | 0.99.31.7 | 35.00 | 159.00 | 194.00 | NOTE | |
r-patched-linux-x86_64 | 0.99.31.7 | 40.26 | 182.16 | 222.42 | OK | |
r-release-linux-x86_64 | 0.99.31.7 | 35.41 | 190.74 | 226.15 | OK | |
r-release-macos-arm64 | 0.99.31.7 | 74.00 | NOTE | |||
r-release-windows-x86_64 | 0.99.31.7 | 37.00 | 161.00 | 198.00 | NOTE | |
r-oldrel-macos-arm64 | 0.99.31.7 | 101.00 | NOTE | |||
r-oldrel-macos-x86_64 | 0.99.31.7 | 252.00 | NOTE | |||
r-oldrel-windows-x86_64 | 0.99.31.7 | 46.00 | 200.00 | 246.00 | NOTE |
Version: 0.99.31.7
Check: installed package size
Result: NOTE
installed size is 5.4Mb
sub-directories of 1Mb or more:
R 1.4Mb
doc 3.1Mb
Flavors: r-devel-linux-x86_64-fedora-clang, r-devel-windows-x86_64, r-release-macos-arm64, r-release-windows-x86_64, r-oldrel-macos-arm64, r-oldrel-macos-x86_64, r-oldrel-windows-x86_64