CRAN Package Check Results for Package memofunc

Last updated on 2025-02-19 01:50:55 CET.

Flavor Version Tinstall Tcheck Ttotal Status Flags
r-devel-linux-x86_64-debian-clang 1.0.2 1.87 23.37 25.24 OK
r-devel-linux-x86_64-debian-gcc 1.0.2 1.46 18.51 19.97 OK
r-devel-linux-x86_64-fedora-clang 1.0.2 40.75 OK
r-devel-linux-x86_64-fedora-gcc 1.0.2 41.31 OK
r-devel-macos-arm64 1.0.2 21.00 OK
r-devel-macos-x86_64 1.0.2 39.00 OK
r-devel-windows-x86_64 1.0.2 3.00 59.00 62.00 OK
r-patched-linux-x86_64 1.0.2 2.15 22.41 24.56 NOTE
r-release-linux-x86_64 1.0.2 1.53 22.49 24.02 NOTE
r-release-macos-arm64 1.0.2 20.00 NOTE
r-release-macos-x86_64 1.0.2 29.00 NOTE
r-release-windows-x86_64 1.0.2 3.00 58.00 61.00 NOTE
r-oldrel-macos-arm64 1.0.2 21.00 NOTE
r-oldrel-macos-x86_64 1.0.2 27.00 NOTE
r-oldrel-windows-x86_64 1.0.2 3.00 56.00 59.00 NOTE

Check Details

Version: 1.0.2
Check: LazyData
Result: NOTE 'LazyData' is specified without a 'data' directory Flavors: r-patched-linux-x86_64, r-release-linux-x86_64, r-release-macos-arm64, r-release-macos-x86_64, r-release-windows-x86_64, r-oldrel-macos-arm64, r-oldrel-macos-x86_64, r-oldrel-windows-x86_64