Last updated on 2025-10-31 01:49:03 CET.
| Flavor | Version | Tinstall | Tcheck | Ttotal | Status | Flags | 
|---|---|---|---|---|---|---|
| r-devel-linux-x86_64-debian-clang | 1.0.2 | 1.51 | 27.40 | 28.91 | NOTE | |
| r-devel-linux-x86_64-debian-gcc | 1.0.2 | 1.63 | 22.27 | 23.90 | NOTE | |
| r-devel-linux-x86_64-fedora-clang | 1.0.2 | 41.36 | OK | |||
| r-devel-linux-x86_64-fedora-gcc | 1.0.2 | 38.97 | OK | |||
| r-devel-windows-x86_64 | 1.0.2 | 3.00 | 56.00 | 59.00 | OK | |
| r-patched-linux-x86_64 | 1.0.2 | 2.07 | 25.20 | 27.27 | OK | |
| r-release-linux-x86_64 | 1.0.2 | 2.02 | 25.10 | 27.12 | OK | |
| r-release-macos-arm64 | 1.0.2 | 1.00 | 34.00 | 35.00 | OK | |
| r-release-macos-x86_64 | 1.0.2 | 2.00 | 32.00 | 34.00 | OK | |
| r-release-windows-x86_64 | 1.0.2 | 3.00 | 60.00 | 63.00 | OK | |
| r-oldrel-macos-arm64 | 1.0.2 | 1.00 | 19.00 | 20.00 | NOTE | |
| r-oldrel-macos-x86_64 | 1.0.2 | 2.00 | 27.00 | 29.00 | NOTE | |
| r-oldrel-windows-x86_64 | 1.0.2 | 4.00 | 62.00 | 66.00 | NOTE | 
Version: 1.0.2
Check: CRAN incoming feasibility
Result: NOTE
  Maintainer: ‘Roy Wetherall <rwetherall@gmail.com>’
  
  No Authors@R field in DESCRIPTION.
  Please add one, modifying
    Authors@R: person(given = "Roy",
                      family = "Wetherall",
                      role = c("aut", "cre"),
                      email = "rwetherall@gmail.com")
  as necessary.
Flavors: r-devel-linux-x86_64-debian-clang, r-devel-linux-x86_64-debian-gcc
Version: 1.0.2
Check: LazyData
Result: NOTE
    'LazyData' is specified without a 'data' directory
Flavors: r-oldrel-macos-arm64, r-oldrel-macos-x86_64, r-oldrel-windows-x86_64