Last updated on 2025-11-28 02:50:38 CET.
| Flavor | Version | Tinstall | Tcheck | Ttotal | Status | Flags |
|---|---|---|---|---|---|---|
| r-devel-linux-x86_64-debian-clang | 3.1.3 | 1.88 | 41.75 | 43.63 | NOTE | |
| r-devel-linux-x86_64-debian-gcc | 3.1.3 | 2.07 | 31.98 | 34.05 | NOTE | |
| r-devel-linux-x86_64-fedora-clang | 3.1.3 | 19.00 | 50.77 | 69.77 | OK | |
| r-devel-linux-x86_64-fedora-gcc | 3.1.3 | 21.00 | 62.15 | 83.15 | OK | |
| r-devel-windows-x86_64 | 3.1.3 | 6.00 | 70.00 | 76.00 | OK | |
| r-patched-linux-x86_64 | 3.1.3 | 3.26 | 39.17 | 42.43 | OK | |
| r-release-linux-x86_64 | 3.1.3 | 3.26 | 39.06 | 42.32 | OK | |
| r-release-macos-arm64 | 3.1.3 | OK | ||||
| r-release-macos-x86_64 | 3.1.3 | 3.00 | 51.00 | 54.00 | OK | |
| r-release-windows-x86_64 | 3.1.3 | 5.00 | 78.00 | 83.00 | OK | |
| r-oldrel-macos-arm64 | 3.1.3 | NOTE | ||||
| r-oldrel-macos-x86_64 | 3.1.3 | 2.00 | 44.00 | 46.00 | OK | |
| r-oldrel-windows-x86_64 | 3.1.3 | 5.00 | 78.00 | 83.00 | OK |
Version: 3.1.3
Check: CRAN incoming feasibility
Result: NOTE
Maintainer: ‘Samuel Blanck <samuel.blanck@univ-lille.fr>’
No Authors@R field in DESCRIPTION.
Please add one, modifying
Authors@R: c(person(given = "Guillemette",
family = "Marot",
role = c("aut", "cre")),
person(given = "Samuel",
family = "Blanck",
role = "cre",
email = "samuel.blanck@univ-lille.fr"))
as necessary.
Package CITATION file contains call(s) to old-style personList() or
as.personList(). Please use c() on person objects instead.
Package CITATION file contains call(s) to old-style citEntry(). Please
use bibentry() instead.
Flavors: r-devel-linux-x86_64-debian-clang, r-devel-linux-x86_64-debian-gcc
Version: 3.1.3
Check: package dependencies
Result: NOTE
Packages suggested but not available for checking:
'hgu133plus2.db', 'hgu133a.db', 'hgu95av2.db'
Flavor: r-oldrel-macos-arm64