CRAN Package Check Results for Package metaRange

Last updated on 2025-04-15 01:50:37 CEST.

Flavor Version Tinstall Tcheck Ttotal Status Flags
r-devel-linux-x86_64-debian-clang 1.1.4 53.84 300.57 354.41 NOTE
r-devel-linux-x86_64-debian-gcc 1.1.4 37.28 189.47 226.75 NOTE
r-devel-linux-x86_64-fedora-clang 1.1.4 594.85 NOTE
r-devel-linux-x86_64-fedora-gcc 1.1.4 616.59 NOTE
r-devel-windows-x86_64 1.1.4 61.00 257.00 318.00 NOTE
r-patched-linux-x86_64 1.1.4 55.66 290.58 346.24 NOTE
r-release-linux-x86_64 1.1.4 51.05 285.59 336.64 NOTE
r-release-macos-arm64 1.1.4 151.00 NOTE
r-release-macos-x86_64 1.1.4 267.00 NOTE
r-release-windows-x86_64 1.1.4 61.00 261.00 322.00 NOTE
r-oldrel-macos-arm64 1.1.4 131.00 OK
r-oldrel-macos-x86_64 1.1.4 206.00 OK
r-oldrel-windows-x86_64 1.1.4 74.00 358.00 432.00 OK

Check Details

Version: 1.1.4
Check: DESCRIPTION meta-information
Result: NOTE Missing dependency on R >= 4.1.0 because package code uses the pipe |> or function shorthand \(...) syntax added in R 4.1.0. File(s) using such syntax: ‘metaRangePriorityQueue.Rd’ ‘metaRangeProcess.Rd’ Flavors: r-devel-linux-x86_64-debian-clang, r-devel-linux-x86_64-debian-gcc, r-devel-linux-x86_64-fedora-clang, r-devel-linux-x86_64-fedora-gcc, r-devel-windows-x86_64, r-patched-linux-x86_64, r-release-linux-x86_64, r-release-macos-arm64, r-release-macos-x86_64, r-release-windows-x86_64