Last updated on 2025-02-20 01:50:39 CET.
Flavor | Version | Tinstall | Tcheck | Ttotal | Status | Flags |
---|---|---|---|---|---|---|
r-devel-linux-x86_64-debian-clang | 0.3.8 | 35.52 | 185.86 | 221.38 | OK | |
r-devel-linux-x86_64-debian-gcc | 0.3.8 | 22.72 | 119.20 | 141.92 | OK | |
r-devel-linux-x86_64-fedora-clang | 0.3.8 | 353.77 | NOTE | |||
r-devel-linux-x86_64-fedora-gcc | 0.3.8 | 390.68 | NOTE | |||
r-devel-macos-arm64 | 0.3.8 | 73.00 | OK | |||
r-devel-macos-x86_64 | 0.3.8 | 126.00 | OK | |||
r-devel-windows-x86_64 | 0.3.8 | 37.00 | 239.00 | 276.00 | OK | |
r-patched-linux-x86_64 | 0.3.8 | 39.60 | 169.73 | 209.33 | NOTE | |
r-release-linux-x86_64 | 0.3.8 | 34.96 | 170.41 | 205.37 | NOTE | |
r-release-macos-arm64 | 0.3.8 | 97.00 | OK | |||
r-release-macos-x86_64 | 0.3.8 | 133.00 | OK | |||
r-release-windows-x86_64 | 0.3.8 | 36.00 | 233.00 | 269.00 | OK | |
r-oldrel-macos-arm64 | 0.3.7 | 103.00 | NOTE | |||
r-oldrel-macos-x86_64 | 0.3.8 | 185.00 | OK | |||
r-oldrel-windows-x86_64 | 0.3.8 | 50.00 | 329.00 | 379.00 | OK |
Version: 0.3.8
Check: dependencies in R code
Result: NOTE
Namespace in Imports field not imported from: ‘R6’
All declared Imports should be used.
Flavors: r-devel-linux-x86_64-fedora-clang, r-devel-linux-x86_64-fedora-gcc
Version: 0.3.8
Check: package dependencies
Result: NOTE
Package suggested but not available for checking: ‘traits’
Flavors: r-patched-linux-x86_64, r-release-linux-x86_64
Version: 0.3.7
Check: package dependencies
Result: NOTE
Packages suggested but not available for checking: 'phyloseq', 'biomformat'
Flavor: r-oldrel-macos-arm64