Last updated on 2025-11-16 01:49:21 CET.
| Flavor | Version | Tinstall | Tcheck | Ttotal | Status | Flags |
|---|---|---|---|---|---|---|
| r-devel-linux-x86_64-debian-clang | 0.2.0 | 4.41 | 202.74 | 207.15 | OK | |
| r-devel-linux-x86_64-debian-gcc | 0.2.0 | 2.93 | 145.25 | 148.18 | OK | |
| r-devel-linux-x86_64-fedora-clang | 0.2.0 | 12.00 | 268.90 | 280.90 | OK | |
| r-devel-linux-x86_64-fedora-gcc | 0.2.0 | 285.76 | OK | |||
| r-devel-windows-x86_64 | 0.2.0 | 8.00 | 221.00 | 229.00 | OK | |
| r-patched-linux-x86_64 | 0.2.0 | 6.11 | 196.94 | 203.05 | OK | |
| r-release-linux-x86_64 | 0.2.0 | 4.92 | 196.38 | 201.30 | OK | |
| r-release-macos-arm64 | 0.2.0 | 2.00 | 85.00 | 87.00 | OK | |
| r-release-macos-x86_64 | 0.2.0 | 5.00 | 202.00 | 207.00 | OK | |
| r-release-windows-x86_64 | 0.2.0 | 9.00 | 220.00 | 229.00 | OK | |
| r-oldrel-macos-arm64 | 0.2.0 | 2.00 | 89.00 | 91.00 | NOTE | |
| r-oldrel-macos-x86_64 | 0.2.0 | 4.00 | 203.00 | 207.00 | NOTE | |
| r-oldrel-windows-x86_64 | 0.2.0 | 9.00 | 290.00 | 299.00 | OK |
Version: 0.2.0
Check: package dependencies
Result: NOTE
Package suggested but not available for checking: ‘qsmooth’
Flavors: r-oldrel-macos-arm64, r-oldrel-macos-x86_64