Last updated on 2025-11-15 02:53:06 CET.
| Flavor | Version | Tinstall | Tcheck | Ttotal | Status | Flags |
|---|---|---|---|---|---|---|
| r-devel-linux-x86_64-debian-clang | 1.2.0 | 13.33 | 131.27 | 144.60 | NOTE | |
| r-devel-linux-x86_64-debian-gcc | 1.2.0 | 9.86 | 90.92 | 100.78 | NOTE | |
| r-devel-linux-x86_64-fedora-clang | 1.2.0 | 30.00 | 188.61 | 218.61 | OK | |
| r-devel-linux-x86_64-fedora-gcc | 1.2.0 | 32.00 | 199.49 | 231.49 | OK | |
| r-devel-windows-x86_64 | 1.2.0 | 15.00 | 124.00 | 139.00 | NOTE | |
| r-patched-linux-x86_64 | 1.2.0 | 12.03 | 120.09 | 132.12 | NOTE | |
| r-release-linux-x86_64 | 1.2.0 | 12.09 | 119.34 | 131.43 | NOTE | |
| r-release-macos-arm64 | 1.2.0 | 5.00 | 51.00 | 56.00 | OK | |
| r-release-macos-x86_64 | 1.2.0 | 9.00 | 110.00 | 119.00 | OK | |
| r-release-windows-x86_64 | 1.2.0 | 14.00 | 123.00 | 137.00 | NOTE | |
| r-oldrel-macos-arm64 | 1.2.0 | 5.00 | 52.00 | 57.00 | OK | |
| r-oldrel-macos-x86_64 | 1.2.0 | 7.00 | 74.00 | 81.00 | OK | |
| r-oldrel-windows-x86_64 | 1.2.0 | 20.00 | 160.00 | 180.00 | OK |
Version: 1.2.0
Check: Rd cross-references
Result: NOTE
Found the following Rd file(s) with Rd \link{} targets missing package
anchors:
forest.metarep.Rd: forest.meta
Please provide package anchors for all Rd \link{} targets not in the
package itself and the base packages.
Flavors: r-devel-linux-x86_64-debian-clang, r-devel-linux-x86_64-debian-gcc, r-devel-windows-x86_64, r-patched-linux-x86_64, r-release-linux-x86_64, r-release-windows-x86_64