Last updated on 2025-05-02 01:52:03 CEST.
Flavor | Version | Tinstall | Tcheck | Ttotal | Status | Flags |
---|---|---|---|---|---|---|
r-devel-linux-x86_64-debian-clang | 0.1.0 | 13.84 | 57.90 | 71.74 | NOTE | |
r-devel-linux-x86_64-debian-gcc | 0.1.0 | 10.14 | 41.10 | 51.24 | NOTE | |
r-devel-linux-x86_64-fedora-clang | 0.1.0 | 102.07 | NOTE | |||
r-devel-linux-x86_64-fedora-gcc | 0.1.0 | 102.16 | NOTE | |||
r-devel-windows-x86_64 | 0.1.0 | 15.00 | 79.00 | 94.00 | NOTE | |
r-patched-linux-x86_64 | 0.1.0 | 13.65 | 52.74 | 66.39 | NOTE | |
r-release-linux-x86_64 | NOTE | |||||
r-release-macos-arm64 | 0.1.0 | 34.00 | NOTE | |||
r-release-macos-x86_64 | 0.1.0 | 62.00 | NOTE | |||
r-release-windows-x86_64 | 0.1.0 | 13.00 | 81.00 | 94.00 | NOTE | |
r-oldrel-macos-arm64 | 0.1.0 | 37.00 | OK | |||
r-oldrel-macos-x86_64 | 0.1.0 | 49.00 | OK | |||
r-oldrel-windows-x86_64 | 0.1.0 | 17.00 | 85.00 | 102.00 | OK |
Version: 0.1.0
Check: DESCRIPTION meta-information
Result: NOTE
Missing dependency on R >= 4.1.0 because package code uses the pipe
|> or function shorthand \(...) syntax added in R 4.1.0.
File(s) using such syntax:
‘cylinder-bundle-compartment.R’ ‘cylinder-bundle-geometry.R’
‘samplers.R’ ‘utils.R’
Flavors: r-devel-linux-x86_64-debian-clang, r-devel-linux-x86_64-debian-gcc, r-devel-linux-x86_64-fedora-clang, r-devel-linux-x86_64-fedora-gcc, r-devel-windows-x86_64, r-patched-linux-x86_64, r-release-linux-x86_64, r-release-macos-arm64, r-release-macos-x86_64, r-release-windows-x86_64
Version: 0.1.0
Check: examples
Result: NOTE
Examples with CPU (user + system) or elapsed time > 5s
user system elapsed
plot3d 4.456 0.137 5.615
Flavor: r-devel-linux-x86_64-debian-clang