Last updated on 2025-02-21 02:52:18 CET.
Flavor | Version | Tinstall | Tcheck | Ttotal | Status | Flags |
---|---|---|---|---|---|---|
r-devel-linux-x86_64-debian-clang | 0.1.1 | 42.18 | 317.75 | 359.93 | OK | |
r-devel-linux-x86_64-debian-gcc | 0.1.1 | 25.50 | 202.82 | 228.32 | OK | |
r-devel-linux-x86_64-fedora-clang | 0.1.1 | 575.50 | OK | |||
r-devel-linux-x86_64-fedora-gcc | 0.1.1 | 550.36 | OK | |||
r-devel-macos-arm64 | 0.1.1 | 107.00 | OK | |||
r-devel-macos-x86_64 | 0.1.1 | 6.00 | ERROR | |||
r-devel-windows-x86_64 | 0.1.1 | 34.00 | 241.00 | 275.00 | OK | |
r-patched-linux-x86_64 | 0.1.1 | 36.07 | 290.54 | 326.61 | OK | |
r-release-linux-x86_64 | 0.1.1 | 35.18 | 296.92 | 332.10 | OK | |
r-release-macos-arm64 | 0.1.1 | 112.00 | OK | |||
r-release-macos-x86_64 | 0.1.1 | 174.00 | OK | |||
r-release-windows-x86_64 | 0.1.1 | 35.00 | 231.00 | 266.00 | OK | |
r-oldrel-macos-arm64 | 0.1.1 | 12.00 | ERROR | |||
r-oldrel-macos-x86_64 | 0.1.1 | 17.00 | ERROR | |||
r-oldrel-windows-x86_64 | 0.1.1 | 49.00 | 311.00 | 360.00 | OK |
Version: 0.1.1
Check: package dependencies
Result: ERROR
Package required but not available: ‘InteractiveComplexHeatmap’
See section ‘The DESCRIPTION file’ in the ‘Writing R Extensions’
manual.
Flavors: r-devel-macos-x86_64, r-oldrel-macos-arm64, r-oldrel-macos-x86_64