Last updated on 2025-10-22 01:51:30 CEST.
Flavor | Version | Tinstall | Tcheck | Ttotal | Status | Flags |
---|---|---|---|---|---|---|
r-devel-linux-x86_64-debian-clang | 0.1.0 | 2.89 | 25.57 | 28.46 | NOTE | |
r-devel-linux-x86_64-debian-gcc | 0.1.0 | 2.44 | 20.85 | 23.29 | NOTE | |
r-devel-linux-x86_64-fedora-clang | 0.1.0 | 12.00 | 29.79 | 41.79 | OK | |
r-devel-linux-x86_64-fedora-gcc | 0.1.0 | 39.70 | OK | |||
r-devel-windows-x86_64 | 0.1.0 | 4.00 | 49.00 | 53.00 | OK | |
r-patched-linux-x86_64 | 0.1.0 | 3.63 | 22.49 | 26.12 | OK | |
r-release-linux-x86_64 | 0.1.0 | 3.84 | 22.78 | 26.62 | OK | |
r-release-macos-arm64 | 0.1.0 | 2.00 | 16.00 | 18.00 | OK | |
r-release-macos-x86_64 | 0.1.0 | 4.00 | 32.00 | 36.00 | OK | |
r-release-windows-x86_64 | 0.1.0 | 4.00 | 48.00 | 52.00 | OK | |
r-oldrel-macos-arm64 | 0.1.0 | 2.00 | 22.00 | 24.00 | OK | |
r-oldrel-macos-x86_64 | 0.1.0 | 2.00 | 30.00 | 32.00 | OK | |
r-oldrel-windows-x86_64 | 0.1.0 | 4.00 | 53.00 | 57.00 | OK |
Version: 0.1.0
Check: HTML version of manual
Result: NOTE
Found the following HTML validation problems:
Agent.html:144:1 (Agent.Rd:134): Warning: <h5> anchor "Usage" already defined
Agent.html:150:1 (Agent.Rd:138): Warning: <h5> anchor "Arguments" already defined
Agent.html:170:1 (Agent.Rd:148): Warning: <h5> anchor "Examples" already defined
Agent.html:202:1 (Agent.Rd:175): Warning: <h5> anchor "Usage" already defined
Agent.html:208:1 (Agent.Rd:179): Warning: <h5> anchor "Arguments" already defined
LeadAgent.html:164:1 (LeadAgent.Rd:454): Warning: <h5> anchor "Usage" already defined
LeadAgent.html:170:1 (LeadAgent.Rd:458): Warning: <h5> anchor "Examples" already defined
LeadAgent.html:231:1 (LeadAgent.Rd:514): Warning: <h5> anchor "Usage" already defined
LeadAgent.html:237:1 (LeadAgent.Rd:518): Warning: <h5> anchor "Arguments" already defined
LeadAgent.html:250:1 (LeadAgent.Rd:525): Warning: <h5> anchor "Examples" already defined
LeadAgent.html:314:1 (LeadAgent.Rd:584): Warning: <h5> anchor "Usage" already defined
LeadAgent.html:320:1 (LeadAgent.Rd:588): Warning: <h5> anchor "Arguments" already defined
LeadAgent.html:333:1 (LeadAgent.Rd:595): Warning: <h5> anchor "Examples" already defined
LeadAgent.html:387:1 (LeadAgent.Rd:644): Warning: <h5> anchor "Usage" already defined
LeadAgent.html:393:1 (LeadAgent.Rd:648): Warning: <h5> anchor "Arguments" already defined
LeadAgent.html:423:1 (LeadAgent.Rd:664): Warning: <h5> anchor "Usage" already defined
LeadAgent.html:429:1 (LeadAgent.Rd:668): Warning: <h5> anchor "Arguments" already defined
LeadAgent.html:442:1 (LeadAgent.Rd:675): Warning: <h5> anchor "Returns" already defined
LeadAgent.html:449:1 (LeadAgent.Rd:678): Warning: <h5> anchor "Examples" already defined
LeadAgent.html:511:1 (LeadAgent.Rd:735): Warning: <h5> anchor "Usage" already defined
LeadAgent.html:517:1 (LeadAgent.Rd:739): Warning: <h5> anchor "Arguments" already defined
LeadAgent.html:530:1 (LeadAgent.Rd:746): Warning: <h5> anchor "Returns" already defined
LeadAgent.html:537:1 (LeadAgent.Rd:749): Warning: <h5> anchor "Examples" already defined
LeadAgent.html:598:1 (LeadAgent.Rd:805): Warning: <h5> anchor "Usage" already defined
LeadAgent.html:604:1 (LeadAgent.Rd:809): Warning: <h5> anchor "Arguments" already defined
LeadAgent.html:617:1 (LeadAgent.Rd:816): Warning: <h5> anchor "Returns" already defined
LeadAgent.html:624:1 (LeadAgent.Rd:819): Warning: <h5> anchor "Examples" already defined
LeadAgent.html:686:1 (LeadAgent.Rd:876): Warning: <h5> anchor "Usage" already defined
LeadAgent.html:692:1 (LeadAgent.Rd:880): Warning: <h5> anchor "Arguments" already defined
LeadAgent.html:705:1 (LeadAgent.Rd:887): Warning: <h5> anchor "Returns" already defined
LeadAgent.html:712:1 (LeadAgent.Rd:890): Warning: <h5> anchor "Examples" already defined
LeadAgent.html:783:1 (LeadAgent.Rd:956): Warning: <h5> anchor "Usage" already defined
LeadAgent.html:789:1 (LeadAgent.Rd:960): Warning: <h5> anchor "Arguments" already defined
Flavors: r-devel-linux-x86_64-debian-clang, r-devel-linux-x86_64-debian-gcc