CRAN Package Check Results for Package minqa

Last updated on 2025-04-30 02:50:44 CEST.

Flavor Version Tinstall Tcheck Ttotal Status Flags
r-devel-linux-x86_64-debian-clang 1.2.8 16.03 25.85 41.88 NOTE
r-devel-linux-x86_64-debian-gcc 1.2.8 11.59 20.74 32.33 NOTE
r-devel-linux-x86_64-fedora-clang 1.2.8 65.95 NOTE
r-devel-linux-x86_64-fedora-gcc 1.2.8 66.33 NOTE
r-devel-windows-x86_64 1.2.8 30.00 70.00 100.00 NOTE
r-patched-linux-x86_64 1.2.8 15.49 24.84 40.33 NOTE
r-release-linux-x86_64 1.2.8 15.13 25.00 40.13 NOTE
r-release-macos-arm64 1.2.8 29.00 NOTE
r-release-macos-x86_64 1.2.8 58.00 NOTE
r-release-windows-x86_64 1.2.8 28.00 69.00 97.00 NOTE
r-oldrel-macos-arm64 1.2.8 30.00 OK
r-oldrel-macos-x86_64 1.2.8 91.00 OK
r-oldrel-windows-x86_64 1.2.8 30.00 83.00 113.00 OK

Check Details

Version: 1.2.8
Check: compiled code
Result: NOTE File ‘minqa/libs/minqa.so’: Found non-API call to R: ‘CLOENV’ Compiled code should not call non-API entry points in R. See ‘Writing portable packages’ in the ‘Writing R Extensions’ manual, and section ‘Moving into C API compliance’ for issues with the use of non-API entry points. Flavors: r-devel-linux-x86_64-debian-clang, r-devel-linux-x86_64-debian-gcc, r-devel-linux-x86_64-fedora-clang, r-devel-linux-x86_64-fedora-gcc, r-patched-linux-x86_64, r-release-linux-x86_64, r-release-macos-arm64, r-release-macos-x86_64

Version: 1.2.8
Check: compiled code
Result: NOTE File 'minqa/libs/x64/minqa.dll': Found non-API call to R: 'CLOENV' Compiled code should not call non-API entry points in R. See 'Writing portable packages' in the 'Writing R Extensions' manual, and section 'Moving into C API compliance' for issues with the use of non-API entry points. Flavors: r-devel-windows-x86_64, r-release-windows-x86_64