Last updated on 2024-05-21 02:02:09 CEST.
Flavor | Version | Tinstall | Tcheck | Ttotal | Status | Flags |
---|---|---|---|---|---|---|
r-devel-linux-x86_64-debian-clang | 1.4.0 | 72.86 | 34.19 | 107.05 | NOTE | |
r-devel-linux-x86_64-debian-gcc | 1.4.0 | 49.80 | 25.85 | 75.65 | NOTE | |
r-devel-linux-x86_64-fedora-clang | 1.4.0 | 150.70 | NOTE | |||
r-devel-linux-x86_64-fedora-gcc | 1.4.0 | 159.97 | NOTE | |||
r-devel-windows-x86_64 | 1.4.0 | 54.00 | 72.00 | 126.00 | NOTE | |
r-patched-linux-x86_64 | 1.4.0 | 68.16 | 32.78 | 100.94 | NOTE | |
r-release-linux-x86_64 | 1.4.0 | 67.68 | 31.70 | 99.38 | NOTE | |
r-release-macos-arm64 | 1.4.0 | 34.00 | NOTE | |||
r-release-windows-x86_64 | 1.4.0 | 53.00 | 75.00 | 128.00 | NOTE | |
r-oldrel-macos-arm64 | 1.4.0 | 39.00 | NOTE | |||
r-oldrel-macos-x86_64 | 1.4.0 | 70.00 | NOTE | |||
r-oldrel-windows-x86_64 | 1.4.0 | 68.00 | 81.00 | 149.00 | NOTE |
Version: 1.4.0
Check: C++ specification
Result: NOTE
Specified C++11: please drop specification unless essential
Flavors: r-devel-linux-x86_64-debian-clang, r-devel-linux-x86_64-debian-gcc, r-devel-linux-x86_64-fedora-clang, r-devel-linux-x86_64-fedora-gcc, r-devel-windows-x86_64, r-patched-linux-x86_64, r-release-linux-x86_64, r-release-macos-arm64, r-release-windows-x86_64, r-oldrel-macos-arm64, r-oldrel-macos-x86_64, r-oldrel-windows-x86_64
Version: 1.4.0
Check: package subdirectories
Result: NOTE
Problems with news in ‘NEWS.md’:
No news entries found.
Flavors: r-devel-linux-x86_64-debian-clang, r-devel-linux-x86_64-debian-gcc, r-devel-linux-x86_64-fedora-clang, r-devel-linux-x86_64-fedora-gcc, r-devel-windows-x86_64, r-patched-linux-x86_64, r-release-linux-x86_64, r-release-macos-arm64, r-release-windows-x86_64, r-oldrel-macos-arm64, r-oldrel-macos-x86_64, r-oldrel-windows-x86_64