CRAN Package Check Results for Package mldr

Last updated on 2025-04-30 02:50:44 CEST.

Flavor Version Tinstall Tcheck Ttotal Status Flags
r-devel-linux-x86_64-debian-clang 0.4.3 7.25 69.39 76.64 NOTE
r-devel-linux-x86_64-debian-gcc 0.4.3 5.83 52.69 58.52 NOTE
r-devel-linux-x86_64-fedora-clang 0.4.3 118.69 NOTE
r-devel-linux-x86_64-fedora-gcc 0.4.3 127.23 NOTE
r-devel-windows-x86_64 0.4.3 10.00 98.00 108.00 NOTE
r-patched-linux-x86_64 0.4.3 7.49 65.40 72.89 NOTE
r-release-linux-x86_64 0.4.3 7.01 65.63 72.64 NOTE
r-release-macos-arm64 0.4.3 58.00 NOTE
r-release-macos-x86_64 0.4.3 149.00 NOTE
r-release-windows-x86_64 0.4.3 9.00 101.00 110.00 NOTE
r-oldrel-macos-arm64 0.4.3 43.00 NOTE
r-oldrel-macos-x86_64 0.4.3 97.00 NOTE
r-oldrel-windows-x86_64 0.4.3 12.00 115.00 127.00 NOTE

Check Details

Version: 0.4.3
Check: CRAN incoming feasibility
Result: NOTE Maintainer: ‘David Charte <fdavidcl@ugr.es>’ Package CITATION file contains call(s) to old-style citEntry(). Please use bibentry() instead. Flavors: r-devel-linux-x86_64-debian-clang, r-devel-linux-x86_64-debian-gcc

Version: 0.4.3
Check: Rd files
Result: NOTE checkRd: (-1) mldrGUI.Rd:22-25: Lost braces in \itemize; meant \describe ? checkRd: (-1) mldrGUI.Rd:26-28: Lost braces in \itemize; meant \describe ? checkRd: (-1) mldrGUI.Rd:29: Lost braces in \itemize; meant \describe ? checkRd: (-1) mldrGUI.Rd:30-31: Lost braces in \itemize; meant \describe ? checkRd: (-1) mldrGUI.Rd:32-34: Lost braces in \itemize; meant \describe ? Flavors: r-devel-linux-x86_64-debian-clang, r-devel-linux-x86_64-debian-gcc, r-devel-linux-x86_64-fedora-clang, r-devel-linux-x86_64-fedora-gcc, r-devel-windows-x86_64, r-patched-linux-x86_64, r-release-linux-x86_64, r-release-macos-arm64, r-release-macos-x86_64, r-release-windows-x86_64, r-oldrel-macos-arm64, r-oldrel-macos-x86_64, r-oldrel-windows-x86_64