Last updated on 2025-02-10 01:48:27 CET.
Flavor | Version | Tinstall | Tcheck | Ttotal | Status | Flags |
---|---|---|---|---|---|---|
r-devel-linux-x86_64-debian-clang | 1.0.9 | 4.09 | 84.15 | 88.24 | NOTE | |
r-devel-linux-x86_64-debian-gcc | 1.0.9 | 2.85 | 55.82 | 58.67 | NOTE | |
r-devel-linux-x86_64-fedora-clang | 1.0.9 | 140.56 | NOTE | |||
r-devel-linux-x86_64-fedora-gcc | 1.0.9 | 142.23 | NOTE | |||
r-devel-windows-x86_64 | 1.0.9 | 6.00 | 97.00 | 103.00 | NOTE | |
r-patched-linux-x86_64 | 1.0.9 | 4.58 | 78.58 | 83.16 | OK | |
r-release-linux-x86_64 | 1.0.9 | 3.78 | 76.15 | 79.93 | OK | |
r-release-macos-arm64 | 1.0.9 | 43.00 | OK | |||
r-release-macos-x86_64 | 1.0.9 | 66.00 | OK | |||
r-release-windows-x86_64 | 1.0.9 | 6.00 | 100.00 | 106.00 | OK | |
r-oldrel-macos-arm64 | 1.0.9 | 50.00 | OK | |||
r-oldrel-macos-x86_64 | 1.0.9 | 70.00 | OK | |||
r-oldrel-windows-x86_64 | 1.0.9 | 7.00 | 128.00 | 135.00 | OK |
Version: 1.0.9
Check: DESCRIPTION meta-information
Result: NOTE
Missing dependency on R >= 4.1.0 because package code uses the pipe
|> or function shorthand \(...) syntax added in R 4.1.0.
File(s) using such syntax:
‘actions.R’ ‘base.R’ ‘correlations.R’ ‘effect_size.R’ ‘list.R’
‘mechanisms.R’ ‘model.R’ ‘parameters.R’ ‘simulation.R’ ‘utils.R’
‘variables.R’
Flavors: r-devel-linux-x86_64-debian-clang, r-devel-linux-x86_64-debian-gcc, r-devel-linux-x86_64-fedora-clang, r-devel-linux-x86_64-fedora-gcc, r-devel-windows-x86_64