Last updated on 2025-05-09 01:50:11 CEST.
Flavor | Version | Tinstall | Tcheck | Ttotal | Status | Flags |
---|---|---|---|---|---|---|
r-devel-linux-x86_64-debian-clang | 3.2-0 | 9.72 | 83.40 | 93.12 | NOTE | |
r-devel-linux-x86_64-debian-gcc | 3.2-0 | 6.05 | 63.53 | 69.58 | NOTE | |
r-devel-linux-x86_64-fedora-clang | 3.2-0 | 152.81 | OK | |||
r-devel-linux-x86_64-fedora-gcc | 3.2-0 | 163.23 | OK | |||
r-devel-windows-x86_64 | 3.2-0 | 11.00 | 89.00 | 100.00 | OK | |
r-patched-linux-x86_64 | 3.2-0 | 9.39 | 79.76 | 89.15 | OK | |
r-release-linux-x86_64 | 3.2-0 | 8.84 | 84.99 | 93.83 | OK | |
r-release-macos-arm64 | 3.2-0 | 60.00 | OK | |||
r-release-macos-x86_64 | 3.2-0 | 94.00 | OK | |||
r-release-windows-x86_64 | 3.2-0 | 10.00 | 95.00 | 105.00 | OK | |
r-oldrel-macos-arm64 | 3.2-0 | 47.00 | OK | |||
r-oldrel-macos-x86_64 | 3.2-0 | 69.00 | OK | |||
r-oldrel-windows-x86_64 | 3.2-0 | 14.00 | 122.00 | 136.00 | OK |
Version: 3.2-0
Check: CRAN incoming feasibility
Result: NOTE
Maintainer: ‘Qingzhao Yu <qyu@lsuhsc.edu>’
No Authors@R field in DESCRIPTION.
Please add one, modifying
Authors@R: c(person(given = "Qingzhao",
family = "Yu",
role = c("aut", "cre"),
email = "qyu@lsuhsc.edu"),
person(given = "Bin",
family = "Li",
role = "aut"))
as necessary.
Flavors: r-devel-linux-x86_64-debian-clang, r-devel-linux-x86_64-debian-gcc