Last updated on 2024-05-21 02:02:09 CEST.
Flavor | Version | Tinstall | Tcheck | Ttotal | Status | Flags |
---|---|---|---|---|---|---|
r-devel-linux-x86_64-debian-clang | 0.1 | 36.59 | 28.67 | 65.26 | NOTE | |
r-devel-linux-x86_64-debian-gcc | 0.1 | 23.87 | 21.44 | 45.31 | NOTE | |
r-devel-linux-x86_64-fedora-clang | 0.1 | 90.71 | NOTE | |||
r-devel-linux-x86_64-fedora-gcc | 0.1 | 83.71 | NOTE | |||
r-devel-windows-x86_64 | 0.1 | 25.00 | 59.00 | 84.00 | NOTE | |
r-patched-linux-x86_64 | 0.1 | 28.59 | 27.47 | 56.06 | NOTE | |
r-release-linux-x86_64 | 0.1 | 27.14 | 27.20 | 54.34 | NOTE | |
r-release-macos-arm64 | 0.1 | 23.00 | NOTE | |||
r-release-windows-x86_64 | 0.1 | 27.00 | 63.00 | 90.00 | NOTE | |
r-oldrel-macos-arm64 | 0.1 | 23.00 | NOTE | |||
r-oldrel-macos-x86_64 | 0.1 | 38.00 | NOTE | |||
r-oldrel-windows-x86_64 | 0.1 | 33.00 | 67.00 | 100.00 | NOTE |
Version: 0.1
Check: LazyData
Result: NOTE
'LazyData' is specified without a 'data' directory
Flavors: r-devel-linux-x86_64-debian-clang, r-devel-linux-x86_64-debian-gcc, r-devel-linux-x86_64-fedora-clang, r-devel-linux-x86_64-fedora-gcc, r-devel-windows-x86_64, r-patched-linux-x86_64, r-release-linux-x86_64, r-release-macos-arm64, r-release-windows-x86_64, r-oldrel-macos-arm64, r-oldrel-macos-x86_64, r-oldrel-windows-x86_64