Last updated on 2025-02-20 01:50:40 CET.
Flavor | Version | Tinstall | Tcheck | Ttotal | Status | Flags |
---|---|---|---|---|---|---|
r-devel-linux-x86_64-debian-clang | 1.4.0 | 19.23 | 47.73 | 66.96 | OK | |
r-devel-linux-x86_64-debian-gcc | 1.4.0 | 14.71 | 34.77 | 49.48 | OK | |
r-devel-linux-x86_64-fedora-clang | 1.4.0 | 107.26 | OK | |||
r-devel-linux-x86_64-fedora-gcc | 1.4.0 | 103.05 | OK | |||
r-devel-macos-arm64 | 1.4.0 | 46.00 | OK | |||
r-devel-macos-x86_64 | 1.4.0 | 72.00 | OK | |||
r-devel-windows-x86_64 | 1.4.0 | 23.00 | 81.00 | 104.00 | OK | |
r-patched-linux-x86_64 | 1.4.0 | 19.99 | 44.45 | 64.44 | OK | |
r-release-linux-x86_64 | 1.4.0 | 19.71 | 44.13 | 63.84 | OK | |
r-release-macos-arm64 | 1.4.0 | 42.00 | NOTE | |||
r-release-macos-x86_64 | 1.4.0 | 90.00 | NOTE | |||
r-release-windows-x86_64 | 1.4.0 | 24.00 | 78.00 | 102.00 | NOTE | |
r-oldrel-macos-arm64 | 1.4.0 | 45.00 | NOTE | |||
r-oldrel-macos-x86_64 | 1.4.0 | 84.00 | NOTE | |||
r-oldrel-windows-x86_64 | 1.4.0 | 28.00 | 105.00 | 133.00 | OK |
Version: 1.4.0
Check: installed package size
Result: NOTE
installed size is 5.4Mb
sub-directories of 1Mb or more:
data 5.2Mb
Flavors: r-release-macos-arm64, r-release-macos-x86_64, r-release-windows-x86_64, r-oldrel-macos-arm64, r-oldrel-macos-x86_64